CRAN Package Check Results for Package iMediate

Last updated on 2025-11-13 03:51:05 CET.

Flavor Version Tinstall Tcheck Ttotal Status Flags
r-devel-linux-x86_64-debian-clang 0.5.5 7.42 60.19 67.61 NOTE
r-devel-linux-x86_64-debian-gcc 0.5.5 6.77 46.29 53.06 NOTE
r-devel-linux-x86_64-fedora-clang 0.5.5 39.00 75.30 114.30 OK
r-devel-linux-x86_64-fedora-gcc 0.5.5 19.00 82.37 101.37 OK
r-devel-windows-x86_64 0.5.5 9.00 71.00 80.00 OK
r-patched-linux-x86_64 0.5.5 7.21 57.28 64.49 OK
r-release-linux-x86_64 0.5.5 6.80 57.48 64.28 OK
r-release-macos-arm64 0.5.5 3.00 24.00 27.00 OK
r-release-macos-x86_64 0.5.5 5.00 49.00 54.00 OK
r-release-windows-x86_64 0.5.5 8.00 71.00 79.00 OK
r-oldrel-macos-arm64 0.5.5 3.00 23.00 26.00 OK
r-oldrel-macos-x86_64 0.5.5 4.00 37.00 41.00 OK
r-oldrel-windows-x86_64 0.5.5 1.00 10.00 11.00 ERROR

Check Details

Version: 0.5.5
Check: CRAN incoming feasibility
Result: NOTE Maintainer: ‘Kai Wang <kai-wang@uiowa.edu>’ No Authors@R field in DESCRIPTION. Please add one, modifying Authors@R: c(person(given = c("Dr.", "Kai"), family = "Wang", role = "aut"), person(given = "Kai", family = "Wang", role = "cre", email = "kai-wang@uiowa.edu")) as necessary. Flavors: r-devel-linux-x86_64-debian-clang, r-devel-linux-x86_64-debian-gcc

Version: 0.5.5
Check: package dependencies
Result: ERROR Package required but not available: 'MBESS' See section 'The DESCRIPTION file' in the 'Writing R Extensions' manual. Flavor: r-oldrel-windows-x86_64

These binaries (installable software) and packages are in development.
They may not be fully stable and should be used with caution. We make no claims about them.