Last updated on 2025-02-16 08:50:50 CET.
Flavor | Version | Tinstall | Tcheck | Ttotal | Status | Flags |
---|---|---|---|---|---|---|
r-devel-linux-x86_64-debian-clang | 1.3.4 | 17.24 | 126.35 | 143.59 | NOTE | |
r-devel-linux-x86_64-debian-gcc | 1.3.4 | 9.51 | 85.27 | 94.78 | NOTE | |
r-devel-linux-x86_64-fedora-clang | 1.3.4 | 222.50 | OK | |||
r-devel-linux-x86_64-fedora-gcc | 1.3.4 | 203.63 | OK | |||
r-devel-macos-arm64 | 1.3.4 | 61.00 | OK | |||
r-devel-macos-x86_64 | 1.3.4 | 109.00 | OK | |||
r-devel-windows-x86_64 | 1.3.4 | 16.00 | 117.00 | 133.00 | NOTE | |
r-patched-linux-x86_64 | 1.3.4 | 15.08 | 113.78 | 128.86 | OK | |
r-release-linux-x86_64 | 1.3.4 | 12.92 | 113.78 | 126.70 | OK | |
r-release-macos-arm64 | 1.3.4 | 59.00 | OK | |||
r-release-macos-x86_64 | 1.3.4 | 83.00 | OK | |||
r-release-windows-x86_64 | 1.3.4 | 16.00 | 119.00 | 135.00 | OK | |
r-oldrel-macos-arm64 | 1.3.4 | 48.00 | OK | |||
r-oldrel-macos-x86_64 | 1.3.4 | 152.00 | OK | |||
r-oldrel-windows-x86_64 | 1.3.4 | 21.00 | 145.00 | 166.00 | OK |
Version: 1.3.4
Check: Rd cross-references
Result: NOTE
Found the following Rd file(s) with Rd \link{} targets missing package
anchors:
iNZightSummary.Rd: survey
Please provide package anchors for all Rd \link{} targets not in the
package itself and the base packages.
Flavors: r-devel-linux-x86_64-debian-clang, r-devel-linux-x86_64-debian-gcc, r-devel-windows-x86_64
These binaries (installable software) and packages are in development.
They may not be fully stable and should be used with caution. We make no claims about them.