Last updated on 2024-07-27 15:50:21 CEST.
Flavor | Version | Tinstall | Tcheck | Ttotal | Status | Flags |
---|---|---|---|---|---|---|
r-devel-linux-x86_64-debian-clang | 2.0.0 | 10.13 | 152.87 | 163.00 | OK | |
r-devel-linux-x86_64-debian-gcc | 2.0.0 | OK | ||||
r-devel-linux-x86_64-fedora-clang | 2.0.0 | 194.47 | NOTE | |||
r-devel-linux-x86_64-fedora-gcc | 2.0.0 | 199.55 | OK | |||
r-devel-windows-x86_64 | 2.0.0 | 10.00 | 118.00 | 128.00 | OK | |
r-patched-linux-x86_64 | 2.0.0 | OK | ||||
r-release-linux-x86_64 | 2.0.0 | 5.69 | 142.49 | 148.18 | OK | |
r-release-macos-arm64 | 2.0.0 | 60.00 | OK | |||
r-release-macos-x86_64 | 2.0.0 | 84.00 | OK | |||
r-release-windows-x86_64 | 2.0.0 | 10.00 | 119.00 | 129.00 | OK | |
r-oldrel-macos-arm64 | 2.0.0 | 62.00 | OK | |||
r-oldrel-macos-x86_64 | 2.0.0 | 123.00 | OK | |||
r-oldrel-windows-x86_64 | 2.0.0 | 11.00 | 154.00 | 165.00 | OK |
Version: 2.0.0
Check: Rd cross-references
Result: NOTE
Undeclared package ‘plotly’ in Rd xrefs
Flavor: r-devel-linux-x86_64-fedora-clang
These binaries (installable software) and packages are in development.
They may not be fully stable and should be used with caution. We make no claims about them.