CRAN Package Check Results for Package iNZightTools

Last updated on 2025-10-23 11:50:16 CEST.

Flavor Version Tinstall Tcheck Ttotal Status Flags
r-devel-linux-x86_64-debian-clang 2.0.3 13.09 128.30 141.39 NOTE
r-devel-linux-x86_64-debian-gcc 2.0.3 8.74 88.72 97.46 OK
r-devel-linux-x86_64-fedora-clang 2.0.3 48.00 182.37 230.37 OK
r-devel-linux-x86_64-fedora-gcc 2.0.3 25.00 172.55 197.55 OK
r-devel-windows-x86_64 2.0.3 13.00 144.00 157.00 OK
r-patched-linux-x86_64 2.0.3 13.19 120.83 134.02 OK
r-release-linux-x86_64 2.0.3 11.25 120.61 131.86 OK
r-release-macos-arm64 2.0.3 5.00 50.00 55.00 OK
r-release-macos-x86_64 2.0.3 9.00 102.00 111.00 OK
r-release-windows-x86_64 2.0.3 14.00 143.00 157.00 OK
r-oldrel-macos-arm64 2.0.3 5.00 54.00 59.00 NOTE
r-oldrel-macos-x86_64 2.0.3 9.00 107.00 116.00 NOTE
r-oldrel-windows-x86_64 2.0.3 18.00 183.00 201.00 NOTE

Check Details

Version: 2.0.3
Check: HTML version of manual
Result: NOTE Found the following HTML validation problems: as_tibble.html:68:1 (as_tibble.Rd:24): Warning: missing </ul> before </div> filter.html:67:1 (filter.Rd:23): Warning: missing </ul> before </div> Flavor: r-devel-linux-x86_64-debian-clang

Version: 2.0.3
Check: package dependencies
Result: NOTE Package suggested but not available for checking: ‘surveyspec’ Flavors: r-oldrel-macos-arm64, r-oldrel-macos-x86_64, r-oldrel-windows-x86_64

These binaries (installable software) and packages are in development.
They may not be fully stable and should be used with caution. We make no claims about them.