Last updated on 2025-05-28 09:52:58 CEST.
Flavor | Version | Tinstall | Tcheck | Ttotal | Status | Flags |
---|---|---|---|---|---|---|
r-devel-linux-x86_64-debian-clang | 1.0.1 | 8.15 | 88.51 | 96.66 | NOTE | |
r-devel-linux-x86_64-debian-gcc | 1.0.1 | 7.05 | 67.03 | 74.08 | NOTE | |
r-devel-linux-x86_64-fedora-clang | 1.0.1 | 153.91 | OK | |||
r-devel-linux-x86_64-fedora-gcc | 1.0.1 | 173.57 | OK | |||
r-devel-windows-x86_64 | 1.0.1 | 13.00 | 112.00 | 125.00 | OK | |
r-patched-linux-x86_64 | 1.0.1 | 9.05 | 86.40 | 95.45 | OK | |
r-release-linux-x86_64 | 1.0.1 | 9.48 | 86.38 | 95.86 | OK | |
r-release-macos-arm64 | 1.0.1 | 65.00 | OK | |||
r-release-macos-x86_64 | 1.0.1 | 104.00 | OK | |||
r-release-windows-x86_64 | 1.0.1 | 10.00 | 114.00 | 124.00 | OK | |
r-oldrel-macos-arm64 | 1.0.1 | 57.00 | OK | |||
r-oldrel-macos-x86_64 | 1.0.1 | 119.00 | OK | |||
r-oldrel-windows-x86_64 | 1.0.1 | 14.00 | 134.00 | 148.00 | OK |
Version: 1.0.1
Check: CRAN incoming feasibility
Result: NOTE
Maintainer: ‘Paul C Boutros <pboutros@mednet.ucla.edu>’
No Authors@R field in DESCRIPTION.
Please add one, modifying
Authors@R: c(person(given = "Natalie",
family = "Fox",
role = "aut"),
person(given = c("Paul", "C"),
family = "Boutros",
role = "cre",
email = "pboutros@mednet.ucla.edu"))
as necessary.
Flavors: r-devel-linux-x86_64-debian-clang, r-devel-linux-x86_64-debian-gcc
These binaries (installable software) and packages are in development.
They may not be fully stable and should be used with caution. We make no claims about them.