Last updated on 2025-02-16 08:50:50 CET.
Flavor | Version | Tinstall | Tcheck | Ttotal | Status | Flags |
---|---|---|---|---|---|---|
r-devel-linux-x86_64-debian-clang | 1.0.2 | 14.07 | 255.71 | 269.78 | OK | |
r-devel-linux-x86_64-debian-gcc | 1.0.2 | 9.45 | 156.05 | 165.50 | OK | |
r-devel-linux-x86_64-fedora-clang | 1.0.2 | 445.44 | OK | |||
r-devel-linux-x86_64-fedora-gcc | 1.0.2 | 409.04 | OK | |||
r-devel-macos-arm64 | 1.0.2 | 104.00 | OK | |||
r-devel-macos-x86_64 | 1.0.2 | 326.00 | OK | |||
r-devel-windows-x86_64 | 1.0.2 | 14.00 | 208.00 | 222.00 | OK | |
r-patched-linux-x86_64 | 1.0.2 | 12.90 | 228.55 | 241.45 | OK | |
r-release-linux-x86_64 | 1.0.2 | 11.03 | 228.04 | 239.07 | OK | |
r-release-macos-arm64 | 1.0.2 | 100.00 | OK | |||
r-release-macos-x86_64 | 1.0.2 | 200.00 | OK | |||
r-release-windows-x86_64 | 1.0.2 | 15.00 | 209.00 | 224.00 | OK | |
r-oldrel-macos-arm64 | 1.0.2 | 96.00 | OK | |||
r-oldrel-macos-x86_64 | 1.0.2 | 299.00 | OK | |||
r-oldrel-windows-x86_64 | 1.0.2 | 19.00 | 293.00 | 312.00 | ERROR |
Version: 1.0.2
Check: whether package can be installed
Result: ERROR
Installation failed.
Flavor: r-oldrel-windows-x86_64
These binaries (installable software) and packages are in development.
They may not be fully stable and should be used with caution. We make no claims about them.