CRAN Package Check Results for Package ialiquor

Last updated on 2025-11-16 21:49:49 CET.

Flavor Version Tinstall Tcheck Ttotal Status Flags
r-devel-linux-x86_64-debian-clang 0.1.0 3.39 32.69 36.08 OK
r-devel-linux-x86_64-debian-gcc 0.1.0 2.46 26.53 28.99 OK
r-devel-linux-x86_64-fedora-clang 0.1.0 15.00 41.50 56.50 OK
r-devel-linux-x86_64-fedora-gcc 0.1.0 64.19 OK
r-devel-windows-x86_64 0.1.0 6.00 47.00 53.00 OK
r-patched-linux-x86_64 0.1.0 3.53 30.31 33.84 OK
r-release-linux-x86_64 0.1.0 3.09 30.52 33.61 OK
r-release-macos-arm64 0.1.0 2.00 23.00 25.00 OK
r-release-macos-x86_64 0.1.0 4.00 43.00 47.00 OK
r-release-windows-x86_64 0.1.0 7.00 47.00 54.00 OK
r-oldrel-macos-arm64 0.1.0 3.00 23.00 26.00 OK
r-oldrel-macos-x86_64 0.1.0 5.00 34.00 39.00 NOTE
r-oldrel-windows-x86_64 0.1.0 6.00 55.00 61.00 OK

Check Details

Version: 0.1.0
Check: installed package size
Result: NOTE installed size is 5.0Mb sub-directories of 1Mb or more: data 4.4Mb Flavor: r-oldrel-macos-x86_64

These binaries (installable software) and packages are in development.
They may not be fully stable and should be used with caution. We make no claims about them.