CRAN Package Check Results for Package ibmAcousticR

Last updated on 2025-11-13 21:49:59 CET.

Flavor Version Tinstall Tcheck Ttotal Status Flags
r-devel-linux-x86_64-debian-clang 0.2.1 2.28 26.74 29.02 OK
r-devel-linux-x86_64-debian-gcc 0.2.1 2.32 21.33 23.65 OK
r-devel-linux-x86_64-fedora-clang 0.2.1 45.34 OK
r-devel-linux-x86_64-fedora-gcc 0.2.1 39.42 OK
r-devel-windows-x86_64 0.2.1 4.00 44.00 48.00 OK
r-patched-linux-x86_64 0.2.1 2.56 25.38 27.94 OK
r-release-linux-x86_64 0.2.1 2.57 25.65 28.22 OK
r-release-macos-arm64 0.2.1 2.00 17.00 19.00 OK
r-release-macos-x86_64 0.2.1 2.00 33.00 35.00 OK
r-release-windows-x86_64 0.2.1 5.00 44.00 49.00 OK
r-oldrel-macos-arm64 0.2.1 1.00 17.00 18.00 NOTE
r-oldrel-macos-x86_64 0.2.1 2.00 22.00 24.00 NOTE
r-oldrel-windows-x86_64 0.2.1 5.00 52.00 57.00 NOTE

Check Details

Version: 0.2.1
Check: LazyData
Result: NOTE 'LazyData' is specified without a 'data' directory Flavors: r-oldrel-macos-arm64, r-oldrel-macos-x86_64, r-oldrel-windows-x86_64

These binaries (installable software) and packages are in development.
They may not be fully stable and should be used with caution. We make no claims about them.