CRAN Package Check Results for Package ibmdbR

Last updated on 2025-07-26 07:50:24 CEST.

Flavor Version Tinstall Tcheck Ttotal Status Flags
r-devel-linux-x86_64-debian-clang 1.51.0 16.90 103.78 120.68 OK
r-devel-linux-x86_64-debian-gcc 1.51.0 11.38 72.30 83.68 OK
r-devel-linux-x86_64-fedora-clang 1.51.0 194.43 OK
r-devel-linux-x86_64-fedora-gcc 1.51.0 198.01 OK
r-devel-windows-x86_64 1.51.0 18.00 131.00 149.00 OK
r-patched-linux-x86_64 1.51.0 19.48 98.49 117.97 OK
r-release-linux-x86_64 1.51.0 16.38 99.39 115.77 OK
r-release-macos-arm64 1.51.0 68.00 OK
r-release-macos-x86_64 1.51.0 124.00 OK
r-release-windows-x86_64 1.51.0 19.00 118.00 137.00 OK
r-oldrel-macos-arm64 1.51.0 64.00 NOTE
r-oldrel-macos-x86_64 1.51.0 90.00 NOTE
r-oldrel-windows-x86_64 1.51.0 25.00 148.00 173.00 NOTE

Check Details

Version: 1.51.0
Check: package dependencies
Result: NOTE Package suggested but not available for checking: ‘SparkR’ Flavors: r-oldrel-macos-arm64, r-oldrel-macos-x86_64, r-oldrel-windows-x86_64

These binaries (installable software) and packages are in development.
They may not be fully stable and should be used with caution. We make no claims about them.