Last updated on 2024-07-27 15:50:20 CEST.
Flavor | Version | Tinstall | Tcheck | Ttotal | Status | Flags |
---|---|---|---|---|---|---|
r-devel-linux-x86_64-debian-clang | 1.51.0 | 19.57 | 134.36 | 153.93 | NOTE | |
r-devel-linux-x86_64-debian-gcc | 1.51.0 | NOTE | ||||
r-devel-linux-x86_64-fedora-clang | 1.51.0 | 205.27 | NOTE | |||
r-devel-linux-x86_64-fedora-gcc | 1.51.0 | 192.36 | NOTE | |||
r-devel-windows-x86_64 | 1.51.0 | 18.00 | 118.00 | 136.00 | NOTE | |
r-patched-linux-x86_64 | 1.51.0 | NOTE | ||||
r-release-linux-x86_64 | 1.51.0 | 23.41 | 126.99 | 150.40 | NOTE | |
r-release-macos-arm64 | 1.51.0 | 64.00 | NOTE | |||
r-release-macos-x86_64 | 1.51.0 | 90.00 | NOTE | |||
r-release-windows-x86_64 | 1.51.0 | 18.00 | 119.00 | 137.00 | NOTE | |
r-oldrel-macos-arm64 | 1.51.0 | 63.00 | NOTE | |||
r-oldrel-macos-x86_64 | 1.51.0 | 236.00 | NOTE | |||
r-oldrel-windows-x86_64 | 1.51.0 | 23.00 | 145.00 | 168.00 | NOTE |
Version: 1.51.0
Check: package dependencies
Result: NOTE
Package suggested but not available for checking: ‘SparkR’
Flavors: r-devel-linux-x86_64-debian-clang, r-devel-linux-x86_64-debian-gcc, r-devel-linux-x86_64-fedora-clang, r-devel-linux-x86_64-fedora-gcc, r-devel-windows-x86_64, r-patched-linux-x86_64, r-release-linux-x86_64, r-release-macos-arm64, r-release-macos-x86_64, r-release-windows-x86_64, r-oldrel-macos-arm64, r-oldrel-macos-x86_64, r-oldrel-windows-x86_64
These binaries (installable software) and packages are in development.
They may not be fully stable and should be used with caution. We make no claims about them.