Last updated on 2025-02-16 08:50:49 CET.
Flavor | Version | Tinstall | Tcheck | Ttotal | Status | Flags |
---|---|---|---|---|---|---|
r-devel-linux-x86_64-debian-clang | 1.51.0 | 18.35 | 101.90 | 120.25 | OK | |
r-devel-linux-x86_64-debian-gcc | 1.51.0 | 12.77 | 72.38 | 85.15 | OK | |
r-devel-linux-x86_64-fedora-clang | 1.51.0 | 200.69 | OK | |||
r-devel-linux-x86_64-fedora-gcc | 1.51.0 | 197.14 | OK | |||
r-devel-macos-arm64 | 1.51.0 | 56.00 | OK | |||
r-devel-macos-x86_64 | 1.51.0 | 117.00 | OK | |||
r-devel-windows-x86_64 | 1.51.0 | 17.00 | 118.00 | 135.00 | OK | |
r-patched-linux-x86_64 | 1.51.0 | 17.38 | 97.24 | 114.62 | NOTE | |
r-release-linux-x86_64 | 1.51.0 | 17.82 | 97.11 | 114.93 | NOTE | |
r-release-macos-arm64 | 1.51.0 | 64.00 | NOTE | |||
r-release-macos-x86_64 | 1.51.0 | 90.00 | NOTE | |||
r-release-windows-x86_64 | 1.51.0 | 18.00 | 119.00 | 137.00 | NOTE | |
r-oldrel-macos-arm64 | 1.51.0 | 63.00 | NOTE | |||
r-oldrel-macos-x86_64 | 1.51.0 | 236.00 | NOTE | |||
r-oldrel-windows-x86_64 | 1.51.0 | 19.00 | 144.00 | 163.00 | NOTE |
Version: 1.51.0
Check: package dependencies
Result: NOTE
Package suggested but not available for checking: ‘SparkR’
Flavors: r-patched-linux-x86_64, r-release-linux-x86_64, r-release-macos-arm64, r-release-macos-x86_64, r-release-windows-x86_64, r-oldrel-macos-arm64, r-oldrel-macos-x86_64, r-oldrel-windows-x86_64
These binaries (installable software) and packages are in development.
They may not be fully stable and should be used with caution. We make no claims about them.