Last updated on 2025-10-26 23:50:17 CET.
| Flavor | Version | Tinstall | Tcheck | Ttotal | Status | Flags |
|---|---|---|---|---|---|---|
| r-devel-linux-x86_64-debian-clang | 1.4 | 10.11 | 23.24 | 33.35 | NOTE | |
| r-devel-linux-x86_64-debian-gcc | 1.4 | 6.97 | 18.53 | 25.50 | NOTE | |
| r-devel-linux-x86_64-fedora-clang | 1.4 | 58.00 | -0.10 | 57.90 | OK | |
| r-devel-linux-x86_64-fedora-gcc | 1.4 | 26.00 | 23.43 | 49.43 | OK | |
| r-devel-windows-x86_64 | 1.4 | 13.00 | 57.00 | 70.00 | OK | |
| r-patched-linux-x86_64 | 1.4 | 10.72 | 22.07 | 32.79 | OK | |
| r-release-linux-x86_64 | 1.4 | 10.01 | 22.17 | 32.18 | OK | |
| r-release-macos-arm64 | 1.4 | 5.00 | 15.00 | 20.00 | OK | |
| r-release-macos-x86_64 | 1.4 | 9.00 | 24.00 | 33.00 | OK | |
| r-release-windows-x86_64 | 1.4 | 13.00 | 60.00 | 73.00 | OK | |
| r-oldrel-macos-arm64 | 1.4 | 5.00 | 14.00 | 19.00 | OK | |
| r-oldrel-macos-x86_64 | 1.4 | 8.00 | 20.00 | 28.00 | OK | |
| r-oldrel-windows-x86_64 | 1.4 | 15.00 | 69.00 | 84.00 | OK |
Version: 1.4
Check: CRAN incoming feasibility
Result: NOTE
Maintainer: ‘Feng Chen <feng.chen@unsw.edu.au>’
No Authors@R field in DESCRIPTION.
Please add one, modifying
Authors@R: person(given = "Feng",
family = "Chen",
role = c("aut", "cre"),
email = "feng.chen@unsw.edu.au")
as necessary.
Flavors: r-devel-linux-x86_64-debian-clang, r-devel-linux-x86_64-debian-gcc
These binaries (installable software) and packages are in development.
They may not be fully stable and should be used with caution. We make no claims about them.