CRAN Package Check Results for Package icRSF

Last updated on 2025-10-09 17:50:40 CEST.

Flavor Version Tinstall Tcheck Ttotal Status Flags
r-devel-linux-x86_64-debian-clang 1.2 16.95 29.57 46.52 NOTE
r-devel-linux-x86_64-debian-gcc 1.2 13.32 23.48 36.80 NOTE
r-devel-linux-x86_64-fedora-clang 1.2 87.11 OK
r-devel-linux-x86_64-fedora-gcc 1.2 82.76 OK
r-devel-windows-x86_64 1.2 23.00 64.00 87.00 OK
r-patched-linux-x86_64 1.2 19.49 27.82 47.31 OK
r-release-linux-x86_64 1.2 19.72 27.70 47.42 OK
r-release-macos-arm64 1.2 28.00 OK
r-release-macos-x86_64 1.2 45.00 OK
r-release-windows-x86_64 1.2 21.00 67.00 88.00 OK
r-oldrel-macos-arm64 1.2 25.00 OK
r-oldrel-macos-x86_64 1.2 34.00 OK
r-oldrel-windows-x86_64 1.2 23.00 81.00 104.00 OK

Check Details

Version: 1.2
Check: CRAN incoming feasibility
Result: NOTE Maintainer: ‘Hui Xu <huix@schoolph.umass.edu>’ No Authors@R field in DESCRIPTION. Please add one, modifying Authors@R: c(person(given = "Hui", family = "Xu", role = c("aut", "cre"), email = "huix@schoolph.umass.edu"), person(given = "Raji", family = "Balasubramanian", role = "aut")) as necessary. Flavors: r-devel-linux-x86_64-debian-clang, r-devel-linux-x86_64-debian-gcc

These binaries (installable software) and packages are in development.
They may not be fully stable and should be used with caution. We make no claims about them.