Last updated on 2025-11-11 15:50:36 CET.
| Flavor | Version | Tinstall | Tcheck | Ttotal | Status | Flags |
|---|---|---|---|---|---|---|
| r-devel-linux-x86_64-debian-clang | 1.2 | 17.04 | 29.66 | 46.70 | NOTE | |
| r-devel-linux-x86_64-debian-gcc | 1.2 | 15.31 | 23.30 | 38.61 | NOTE | |
| r-devel-linux-x86_64-fedora-clang | 1.2 | 80.00 | 8.00 | 88.00 | OK | |
| r-devel-linux-x86_64-fedora-gcc | 1.2 | 44.00 | 36.92 | 80.92 | OK | |
| r-devel-windows-x86_64 | 1.2 | 24.00 | 62.00 | 86.00 | OK | |
| r-patched-linux-x86_64 | 1.2 | 18.71 | 27.89 | 46.60 | OK | |
| r-release-linux-x86_64 | 1.2 | 20.46 | 28.12 | 48.58 | OK | |
| r-release-macos-arm64 | 1.2 | 9.00 | 19.00 | 28.00 | OK | |
| r-release-macos-x86_64 | 1.2 | 10.00 | 35.00 | 45.00 | OK | |
| r-release-windows-x86_64 | 1.2 | 21.00 | 65.00 | 86.00 | OK | |
| r-oldrel-macos-arm64 | 1.2 | 9.00 | 16.00 | 25.00 | OK | |
| r-oldrel-macos-x86_64 | 1.2 | 9.00 | 25.00 | 34.00 | OK | |
| r-oldrel-windows-x86_64 | 1.2 | 23.00 | 78.00 | 101.00 | OK |
Version: 1.2
Check: CRAN incoming feasibility
Result: NOTE
Maintainer: ‘Hui Xu <huix@schoolph.umass.edu>’
No Authors@R field in DESCRIPTION.
Please add one, modifying
Authors@R: c(person(given = "Hui",
family = "Xu",
role = c("aut", "cre"),
email = "huix@schoolph.umass.edu"),
person(given = "Raji",
family = "Balasubramanian",
role = "aut"))
as necessary.
Flavors: r-devel-linux-x86_64-debian-clang, r-devel-linux-x86_64-debian-gcc
These binaries (installable software) and packages are in development.
They may not be fully stable and should be used with caution. We make no claims about them.