Last updated on 2025-10-23 17:50:50 CEST.
| Flavor | Version | Tinstall | Tcheck | Ttotal | Status | Flags |
|---|---|---|---|---|---|---|
| r-devel-linux-x86_64-debian-clang | 0.1.6 | 2.15 | 29.44 | 31.59 | NOTE | |
| r-devel-linux-x86_64-debian-gcc | 0.1.6 | 1.90 | 25.16 | 27.06 | OK | |
| r-devel-linux-x86_64-fedora-clang | 0.1.6 | 14.00 | 33.56 | 47.56 | OK | |
| r-devel-linux-x86_64-fedora-gcc | 0.1.6 | 41.67 | OK | |||
| r-devel-windows-x86_64 | 0.1.6 | 3.00 | 44.00 | 47.00 | OK | |
| r-patched-linux-x86_64 | 0.1.6 | 2.21 | 27.11 | 29.32 | OK | |
| r-release-linux-x86_64 | 0.1.6 | 1.96 | 27.07 | 29.03 | OK | |
| r-release-macos-arm64 | 0.1.6 | 2.00 | 21.00 | 23.00 | OK | |
| r-release-macos-x86_64 | 0.1.6 | 3.00 | 30.00 | 33.00 | OK | |
| r-release-windows-x86_64 | 0.1.6 | 3.00 | 45.00 | 48.00 | OK | |
| r-oldrel-macos-arm64 | 0.1.6 | 1.00 | 19.00 | 20.00 | NOTE | |
| r-oldrel-macos-x86_64 | 0.1.6 | 2.00 | 25.00 | 27.00 | NOTE | |
| r-oldrel-windows-x86_64 | 0.1.6 | 3.00 | 51.00 | 54.00 | NOTE |
Version: 0.1.6
Check: HTML version of manual
Result: NOTE
Found the following HTML validation problems:
ical_clean_ical_parsed.html:46:1 (ical_clean_ical_parsed.Rd:10): Warning: missing </ul> before </div>
Flavor: r-devel-linux-x86_64-debian-clang
Version: 0.1.6
Check: LazyData
Result: NOTE
'LazyData' is specified without a 'data' directory
Flavors: r-oldrel-macos-arm64, r-oldrel-macos-x86_64, r-oldrel-windows-x86_64
These binaries (installable software) and packages are in development.
They may not be fully stable and should be used with caution. We make no claims about them.