CRAN Package Check Results for Package ical

Last updated on 2025-07-25 01:49:29 CEST.

Flavor Version Tinstall Tcheck Ttotal Status Flags
r-devel-linux-x86_64-debian-clang 0.1.6 2.09 28.01 30.10 OK
r-devel-linux-x86_64-debian-gcc 0.1.6 1.88 23.99 25.87 OK
r-devel-linux-x86_64-fedora-clang 0.1.6 42.78 OK
r-devel-linux-x86_64-fedora-gcc 0.1.6 42.57 OK
r-devel-windows-x86_64 0.1.6 3.00 48.00 51.00 OK
r-patched-linux-x86_64 0.1.6 2.14 26.11 28.25 OK
r-release-linux-x86_64 0.1.6 1.83 26.09 27.92 OK
r-release-macos-arm64 0.1.6 23.00 OK
r-release-macos-x86_64 0.1.6 33.00 OK
r-release-windows-x86_64 0.1.6 3.00 52.00 55.00 OK
r-oldrel-macos-arm64 0.1.6 20.00 NOTE
r-oldrel-macos-x86_64 0.1.6 27.00 NOTE
r-oldrel-windows-x86_64 0.1.6 3.00 53.00 56.00 NOTE

Check Details

Version: 0.1.6
Check: LazyData
Result: NOTE 'LazyData' is specified without a 'data' directory Flavors: r-oldrel-macos-arm64, r-oldrel-macos-x86_64, r-oldrel-windows-x86_64

These binaries (installable software) and packages are in development.
They may not be fully stable and should be used with caution. We make no claims about them.