Last updated on 2024-07-27 15:50:20 CEST.
Flavor | Version | Tinstall | Tcheck | Ttotal | Status | Flags |
---|---|---|---|---|---|---|
r-devel-linux-x86_64-debian-clang | 1.0.2 | 43.78 | 400.22 | 444.00 | OK | |
r-devel-linux-x86_64-debian-gcc | 1.0.2 | OK | ||||
r-devel-linux-x86_64-fedora-clang | 1.0.2 | 577.06 | NOTE | |||
r-devel-linux-x86_64-fedora-gcc | 1.0.2 | 506.49 | NOTE | |||
r-devel-windows-x86_64 | 1.0.2 | 35.00 | 240.00 | 275.00 | OK | |
r-patched-linux-x86_64 | 1.0.2 | OK | ||||
r-release-linux-x86_64 | 1.0.2 | 29.07 | 376.51 | 405.58 | OK | |
r-release-macos-arm64 | 1.0.2 | 120.00 | OK | |||
r-release-macos-x86_64 | 1.0.2 | 192.00 | OK | |||
r-release-windows-x86_64 | 1.0.2 | 35.00 | 240.00 | 275.00 | OK | |
r-oldrel-macos-arm64 | 1.0.2 | 130.00 | OK | |||
r-oldrel-macos-x86_64 | 1.0.2 | 227.00 | OK | |||
r-oldrel-windows-x86_64 | 1.0.2 | 50.00 | 336.00 | 386.00 | OK |
Version: 1.0.2
Check: dependencies in R code
Result: NOTE
Namespace in Imports field not imported from: ‘methods’
All declared Imports should be used.
Flavors: r-devel-linux-x86_64-fedora-clang, r-devel-linux-x86_64-fedora-gcc
These binaries (installable software) and packages are in development.
They may not be fully stable and should be used with caution. We make no claims about them.