Last updated on 2025-10-23 11:50:16 CEST.
Flavor | Version | Tinstall | Tcheck | Ttotal | Status | Flags |
---|---|---|---|---|---|---|
r-devel-linux-x86_64-debian-clang | 1.0.2 | 42.73 | 330.87 | 373.60 | OK | |
r-devel-linux-x86_64-debian-gcc | 1.0.2 | 29.61 | 208.08 | 237.69 | OK | |
r-devel-linux-x86_64-fedora-clang | 1.0.2 | 143.00 | 472.97 | 615.97 | NOTE | |
r-devel-linux-x86_64-fedora-gcc | 1.0.2 | 104.00 | 442.99 | 546.99 | NOTE | |
r-devel-windows-x86_64 | 1.0.2 | 37.00 | 258.00 | 295.00 | OK | |
r-patched-linux-x86_64 | 1.0.2 | 40.59 | 309.26 | 349.85 | OK | |
r-release-linux-x86_64 | 1.0.2 | 39.50 | 313.12 | 352.62 | OK | |
r-release-macos-arm64 | 1.0.2 | 16.00 | 109.00 | 125.00 | OK | |
r-release-macos-x86_64 | 1.0.2 | 32.00 | 208.00 | 240.00 | OK | |
r-release-windows-x86_64 | 1.0.2 | 36.00 | 254.00 | 290.00 | OK | |
r-oldrel-macos-arm64 | 1.0.2 | 16.00 | 104.00 | 120.00 | OK | |
r-oldrel-macos-x86_64 | 1.0.2 | 27.00 | 165.00 | 192.00 | OK | |
r-oldrel-windows-x86_64 | 1.0.2 | 54.00 | 346.00 | 400.00 | OK |
Version: 1.0.2
Check: dependencies in R code
Result: NOTE
Namespace in Imports field not imported from: ‘methods’
All declared Imports should be used.
Flavors: r-devel-linux-x86_64-fedora-clang, r-devel-linux-x86_64-fedora-gcc
These binaries (installable software) and packages are in development.
They may not be fully stable and should be used with caution. We make no claims about them.