Last updated on 2025-07-22 13:49:15 CEST.
Flavor | Version | Tinstall | Tcheck | Ttotal | Status | Flags |
---|---|---|---|---|---|---|
r-devel-linux-x86_64-debian-clang | 1.0.2 | 44.33 | 323.10 | 367.43 | OK | |
r-devel-linux-x86_64-debian-gcc | 1.0.2 | 28.18 | 212.76 | 240.94 | OK | |
r-devel-linux-x86_64-fedora-clang | 1.0.2 | 561.04 | NOTE | |||
r-devel-linux-x86_64-fedora-gcc | 1.0.2 | 534.92 | NOTE | |||
r-devel-windows-x86_64 | 1.0.2 | 38.00 | 241.00 | 279.00 | OK | |
r-patched-linux-x86_64 | 1.0.2 | 40.72 | 301.49 | 342.21 | OK | |
r-release-linux-x86_64 | 1.0.2 | 38.39 | 299.22 | 337.61 | OK | |
r-release-macos-arm64 | 1.0.2 | 125.00 | OK | |||
r-release-macos-x86_64 | 1.0.2 | 240.00 | OK | |||
r-release-windows-x86_64 | 1.0.2 | 37.00 | 243.00 | 280.00 | OK | |
r-oldrel-macos-arm64 | 1.0.2 | 120.00 | OK | |||
r-oldrel-macos-x86_64 | 1.0.2 | 192.00 | OK | |||
r-oldrel-windows-x86_64 | 1.0.2 | 53.00 | 334.00 | 387.00 | OK |
Version: 1.0.2
Check: dependencies in R code
Result: NOTE
Namespace in Imports field not imported from: ‘methods’
All declared Imports should be used.
Flavors: r-devel-linux-x86_64-fedora-clang, r-devel-linux-x86_64-fedora-gcc
These binaries (installable software) and packages are in development.
They may not be fully stable and should be used with caution. We make no claims about them.