CRAN Package Check Results for Package icardaFIGSr

Last updated on 2025-05-21 21:49:19 CEST.

Flavor Version Tinstall Tcheck Ttotal Status Flags
r-devel-linux-x86_64-debian-clang 1.0.2 41.03 320.04 361.07 OK
r-devel-linux-x86_64-debian-gcc 1.0.2 28.78 208.49 237.27 OK
r-devel-linux-x86_64-fedora-clang 1.0.2 561.61 NOTE
r-devel-linux-x86_64-fedora-gcc 1.0.2 546.78 NOTE
r-devel-windows-x86_64 1.0.2 37.00 263.00 300.00 OK
r-patched-linux-x86_64 1.0.2 36.38 298.16 334.54 OK
r-release-linux-x86_64 1.0.2 37.85 298.71 336.56 OK
r-release-macos-arm64 1.0.2 125.00 OK
r-release-macos-x86_64 1.0.2 240.00 OK
r-release-windows-x86_64 1.0.2 36.00 277.00 313.00 OK
r-oldrel-macos-arm64 1.0.2 120.00 OK
r-oldrel-macos-x86_64 1.0.2 192.00 OK
r-oldrel-windows-x86_64 1.0.2 54.00 335.00 389.00 OK

Check Details

Version: 1.0.2
Check: dependencies in R code
Result: NOTE Namespace in Imports field not imported from: ‘methods’ All declared Imports should be used. Flavors: r-devel-linux-x86_64-fedora-clang, r-devel-linux-x86_64-fedora-gcc

These binaries (installable software) and packages are in development.
They may not be fully stable and should be used with caution. We make no claims about them.