Last updated on 2025-02-16 08:50:49 CET.
Flavor | Version | Tinstall | Tcheck | Ttotal | Status | Flags |
---|---|---|---|---|---|---|
r-devel-linux-x86_64-debian-clang | 1.1.2 | 13.52 | 673.32 | 686.84 | OK | |
r-devel-linux-x86_64-debian-gcc | 1.1.2 | 9.72 | 464.23 | 473.95 | OK | |
r-devel-linux-x86_64-fedora-clang | 1.1.2 | 1094.56 | OK | |||
r-devel-linux-x86_64-fedora-gcc | 1.1.2 | 1132.56 | ERROR | |||
r-devel-macos-arm64 | 1.1.2 | 276.00 | OK | |||
r-devel-macos-x86_64 | 1.1.2 | 684.00 | OK | |||
r-devel-windows-x86_64 | 1.1.2 | 15.00 | 575.00 | 590.00 | OK | |
r-patched-linux-x86_64 | 1.1.2 | 12.49 | 626.82 | 639.31 | OK | |
r-release-linux-x86_64 | 1.1.2 | 12.03 | 637.13 | 649.16 | OK | |
r-release-macos-arm64 | 1.1.2 | 292.00 | OK | |||
r-release-macos-x86_64 | 1.1.2 | 438.00 | OK | |||
r-release-windows-x86_64 | 1.1.2 | 14.00 | 588.00 | 602.00 | OK | |
r-oldrel-macos-arm64 | 1.1.2 | 283.00 | OK | |||
r-oldrel-macos-x86_64 | 1.1.2 | 438.00 | OK | |||
r-oldrel-windows-x86_64 | 1.1.2 | 20.00 | 782.00 | 802.00 | OK |
Version: 1.1.2
Check: re-building of vignette outputs
Result: ERROR
Error(s) in re-building vignettes:
--- re-building ‘iccCounts_examples.Rmd’ using rmarkdown
** Processing: /data/gannet/ripley/R/packages/tests-devel/iccCounts.Rcheck/vign_test/iccCounts/vignettes/iccCounts_examples_files/figure-html/unnamed-chunk-6-1.png
576x384 pixels, 3x8 bits/pixel, RGB
Input IDAT size = 20887 bytes
Input file size = 20989 bytes
Trying:
zc = 9 zm = 8 zs = 0 f = 0 IDAT size = 17767
zc = 9 zm = 8 zs = 1 f = 0
zc = 1 zm = 8 zs = 2 f = 0
zc = 9 zm = 8 zs = 3 f = 0
zc = 9 zm = 8 zs = 0 f = 5
zc = 9 zm = 8 zs = 1 f = 5
zc = 1 zm = 8 zs = 2 f = 5
zc = 9 zm = 8 zs = 3 f = 5
Selecting parameters:
zc = 9 zm = 8 zs = 0 f = 0 IDAT size = 17767
Output IDAT size = 17767 bytes (3120 bytes decrease)
Output file size = 17845 bytes (3144 bytes = 14.98% decrease)
** Processing: /data/gannet/ripley/R/packages/tests-devel/iccCounts.Rcheck/vign_test/iccCounts/vignettes/iccCounts_examples_files/figure-html/unnamed-chunk-7-1.png
576x384 pixels, 8 bits/pixel, 256 colors in palette
Reducing image to 8 bits/pixel, grayscale
Input IDAT size = 11240 bytes
Input file size = 12110 bytes
Trying:
zc = 9 zm = 8 zs = 0 f = 0 IDAT size = 9833
zc = 9 zm = 8 zs = 1 f = 0 IDAT size = 9759
zc = 1 zm = 8 zs = 2 f = 0
zc = 9 zm = 8 zs = 3 f = 0
zc = 9 zm = 8 zs = 0 f = 5
zc = 9 zm = 8 zs = 1 f = 5
zc = 1 zm = 8 zs = 2 f = 5
zc = 9 zm = 8 zs = 3 f = 5
Selecting parameters:
zc = 9 zm = 8 zs = 1 f = 0 IDAT size = 9759
Output IDAT size = 9759 bytes (1481 bytes decrease)
Output file size = 9837 bytes (2273 bytes = 18.77% decrease)
** Processing: /data/gannet/ripley/R/packages/tests-devel/iccCounts.Rcheck/vign_test/iccCounts/vignettes/iccCounts_examples_files/figure-html/unnamed-chunk-8-1.png
576x384 pixels, 8 bits/pixel, 255 colors in palette
Reducing image to 8 bits/pixel, grayscale
Input IDAT size = 5737 bytes
Input file size = 6592 bytes
Trying:
zc = 9 zm = 8 zs = 0 f = 0 IDAT size = 4798
zc = 9 zm = 8 zs = 1 f = 0 IDAT size = 4796
zc = 1 zm = 8 zs = 2 f = 0
zc = 9 zm = 8 zs = 3 f = 0
zc = 9 zm = 8 zs = 0 f = 5
zc = 9 zm = 8 zs = 1 f = 5
zc = 1 zm = 8 zs = 2 f = 5
zc = 9 zm = 8 zs = 3 f = 5
Selecting parameters:
zc = 9 zm = 8 zs = 1 f = 0 IDAT size = 4796
Output IDAT size = 4796 bytes (941 bytes decrease)
Output file size = 4874 bytes (1718 bytes = 26.06% decrease)
** Processing: /data/gannet/ripley/R/packages/tests-devel/iccCounts.Rcheck/vign_test/iccCounts/vignettes/iccCounts_examples_files/figure-html/unnamed-chunk-11-1.png
576x384 pixels, 3x8 bits/pixel, RGB
Input IDAT size = 27846 bytes
Input file size = 27960 bytes
Trying:
zc = 9 zm = 8 zs = 0 f = 0 IDAT size = 22017
zc = 9 zm = 8 zs = 1 f = 0
zc = 1 zm = 8 zs = 2 f = 0
zc = 9 zm = 8 zs = 3 f = 0
zc = 9 zm = 8 zs = 0 f = 5
zc = 9 zm = 8 zs = 1 f = 5
zc = 1 zm = 8 zs = 2 f = 5
zc = 9 zm = 8 zs = 3 f = 5
Selecting parameters:
zc = 9 zm = 8 zs = 0 f = 0 IDAT size = 22017
Output IDAT size = 22017 bytes (5829 bytes decrease)
Output file size = 22095 bytes (5865 bytes = 20.98% decrease)
** Processing: /data/gannet/ripley/R/packages/tests-devel/iccCounts.Rcheck/vign_test/iccCounts/vignettes/iccCounts_examples_files/figure-html/unnamed-chunk-12-1.png
576x384 pixels, 8 bits/pixel, 256 colors in palette
Reducing image to 8 bits/pixel, grayscale
Input IDAT size = 10248 bytes
Input file size = 11118 bytes
Trying:
zc = 9 zm = 8 zs = 0 f = 0 IDAT size = 8812
zc = 9 zm = 8 zs = 1 f = 0 IDAT size = 8749
zc = 1 zm = 8 zs = 2 f = 0
zc = 9 zm = 8 zs = 3 f = 0
zc = 9 zm = 8 zs = 0 f = 5
zc = 9 zm = 8 zs = 1 f = 5
zc = 1 zm = 8 zs = 2 f = 5
zc = 9 zm = 8 zs = 3 f = 5
Selecting parameters:
zc = 9 zm = 8 zs = 1 f = 0 IDAT size = 8749
Output IDAT size = 8749 bytes (1499 bytes decrease)
Output file size = 8827 bytes (2291 bytes = 20.61% decrease)
** Processing: /data/gannet/ripley/R/packages/tests-devel/iccCounts.Rcheck/vign_test/iccCounts/vignettes/iccCounts_examples_files/figure-html/unnamed-chunk-16-1.png
768x1152 pixels, 3x8 bits/pixel, RGB
Input IDAT size = 93680 bytes
Input file size = 93890 bytes
Trying:
zc = 9 zm = 8 zs = 0 f = 0 IDAT size = 73317
zc = 9 zm = 8 zs = 1 f = 0
zc = 1 zm = 8 zs = 2 f = 0
zc = 9 zm = 8 zs = 3 f = 0
zc = 9 zm = 8 zs = 0 f = 5
zc = 9 zm = 8 zs = 1 f = 5
zc = 1 zm = 8 zs = 2 f = 5
zc = 9 zm = 8 zs = 3 f = 5
Selecting parameters:
zc = 9 zm = 8 zs = 0 f = 0 IDAT size = 73317
Output IDAT size = 73317 bytes (20363 bytes decrease)
Output file size = 73395 bytes (20495 bytes = 21.83% decrease)
** Processing: /data/gannet/ripley/R/packages/tests-devel/iccCounts.Rcheck/vign_test/iccCounts/vignettes/iccCounts_examples_files/figure-html/unnamed-chunk-19-1.png
576x384 pixels, 3x8 bits/pixel, RGB
Input IDAT size = 31316 bytes
Input file size = 31430 bytes
Trying:
zc = 9 zm = 8 zs = 0 f = 0 IDAT size = 23859
zc = 9 zm = 8 zs = 1 f = 0
zc = 1 zm = 8 zs = 2 f = 0
zc = 9 zm = 8 zs = 3 f = 0
zc = 9 zm = 8 zs = 0 f = 5
zc = 9 zm = 8 zs = 1 f = 5
zc = 1 zm = 8 zs = 2 f = 5
zc = 9 zm = 8 zs = 3 f = 5
Selecting parameters:
zc = 9 zm = 8 zs = 0 f = 0 IDAT size = 23859
Output IDAT size = 23859 bytes (7457 bytes decrease)
Output file size = 23937 bytes (7493 bytes = 23.84% decrease)
** Processing: /data/gannet/ripley/R/packages/tests-devel/iccCounts.Rcheck/vign_test/iccCounts/vignettes/iccCounts_examples_files/figure-html/unnamed-chunk-20-1.png
576x384 pixels, 8 bits/pixel, 256 colors in palette
Reducing image to 8 bits/pixel, grayscale
Input IDAT size = 10152 bytes
Input file size = 11022 bytes
Trying:
zc = 9 zm = 8 zs = 0 f = 0 IDAT size = 8614
zc = 9 zm = 8 zs = 1 f = 0 IDAT size = 8577
zc = 1 zm = 8 zs = 2 f = 0
zc = 9 zm = 8 zs = 3 f = 0
zc = 9 zm = 8 zs = 0 f = 5
zc = 9 zm = 8 zs = 1 f = 5
zc = 1 zm = 8 zs = 2 f = 5
zc = 9 zm = 8 zs = 3 f = 5
Selecting parameters:
zc = 9 zm = 8 zs = 1 f = 0 IDAT size = 8577
Output IDAT size = 8577 bytes (1575 bytes decrease)
Output file size = 8655 bytes (2367 bytes = 21.48% decrease)
** Processing: /data/gannet/ripley/R/packages/tests-devel/iccCounts.Rcheck/vign_test/iccCounts/vignettes/iccCounts_examples_files/figure-html/unnamed-chunk-21-1.png
576x384 pixels, 8 bits/pixel, 256 colors in palette
Reducing image to 8 bits/pixel, grayscale
Input IDAT size = 9072 bytes
Input file size = 9942 bytes
Trying:
zc = 9 zm = 8 zs = 0 f = 0 IDAT size = 8223
zc = 9 zm = 8 zs = 1 f = 0 IDAT size = 8211
zc = 1 zm = 8 zs = 2 f = 0
zc = 9 zm = 8 zs = 3 f = 0
zc = 9 zm = 8 zs = 0 f = 5
zc = 9 zm = 8 zs = 1 f = 5
zc = 1 zm = 8 zs = 2 f = 5
zc = 9 zm = 8 zs = 3 f = 5
Selecting parameters:
zc = 9 zm = 8 zs = 1 f = 0 IDAT size = 8211
Output IDAT size = 8211 bytes (861 bytes decrease)
Output file size = 8289 bytes (1653 bytes = 16.63% decrease)
** Processing: /data/gannet/ripley/R/packages/tests-devel/iccCounts.Rcheck/vign_test/iccCounts/vignettes/iccCounts_examples_files/figure-html/unnamed-chunk-23-1.png
576x384 pixels, 3x8 bits/pixel, RGB
Input IDAT size = 29685 bytes
Input file size = 29799 bytes
Trying:
zc = 9 zm = 8 zs = 0 f = 0 IDAT size = 22766
zc = 9 zm = 8 zs = 1 f = 0
zc = 1 zm = 8 zs = 2 f = 0
zc = 9 zm = 8 zs = 3 f = 0
zc = 9 zm = 8 zs = 0 f = 5
zc = 9 zm = 8 zs = 1 f = 5
zc = 1 zm = 8 zs = 2 f = 5
zc = 9 zm = 8 zs = 3 f = 5
Selecting parameters:
zc = 9 zm = 8 zs = 0 f = 0 IDAT size = 22766
Output IDAT size = 22766 bytes (6919 bytes decrease)
Output file size = 22844 bytes (6955 bytes = 23.34% decrease)
** Processing: /data/gannet/ripley/R/packages/tests-devel/iccCounts.Rcheck/vign_test/iccCounts/vignettes/iccCounts_examples_files/figure-html/unnamed-chunk-24-1.png
576x384 pixels, 8 bits/pixel, 256 colors in palette
Reducing image to 8 bits/pixel, grayscale
Input IDAT size = 10408 bytes
Input file size = 11278 bytes
Trying:
zc = 9 zm = 8 zs = 0 f = 0 IDAT size = 8927
zc = 9 zm = 8 zs = 1 f = 0 IDAT size = 8901
zc = 1 zm = 8 zs = 2 f = 0
zc = 9 zm = 8 zs = 3 f = 0
zc = 9 zm = 8 zs = 0 f = 5
zc = 9 zm = 8 zs = 1 f = 5
zc = 1 zm = 8 zs = 2 f = 5
zc = 9 zm = 8 zs = 3 f = 5
Selecting parameters:
zc = 9 zm = 8 zs = 1 f = 0 IDAT size = 8901
Output IDAT size = 8901 bytes (1507 bytes decrease)
Output file size = 8979 bytes (2299 bytes = 20.38% decrease)
** Processing: /data/gannet/ripley/R/packages/tests-devel/iccCounts.Rcheck/vign_test/iccCounts/vignettes/iccCounts_examples_files/figure-html/unnamed-chunk-25-1.png
576x384 pixels, 8 bits/pixel, 255 colors in palette
Reducing image to 8 bits/pixel, grayscale
Input IDAT size = 9233 bytes
Input file size = 10100 bytes
Trying:
zc = 9 zm = 8 zs = 0 f = 0 IDAT size = 8270
zc = 9 zm = 8 zs = 1 f = 0 IDAT size = 8240
zc = 1 zm = 8 zs = 2 f = 0
zc = 9 zm = 8 zs = 3 f = 0
zc = 9 zm = 8 zs = 0 f = 5
zc = 9 zm = 8 zs = 1 f = 5
zc = 1 zm = 8 zs = 2 f = 5
zc = 9 zm = 8 zs = 3 f = 5
Selecting parameters:
zc = 9 zm = 8 zs = 1 f = 0 IDAT size = 8240
Output IDAT size = 8240 bytes (993 bytes decrease)
Output file size = 8318 bytes (1782 bytes = 17.64% decrease)
Quitting from lines 263-266 [unnamed-chunk-27] (iccCounts_examples.Rmd)
Execution halted
Flavor: r-devel-linux-x86_64-fedora-gcc
These binaries (installable software) and packages are in development.
They may not be fully stable and should be used with caution. We make no claims about them.