Last updated on 2025-10-23 15:49:57 CEST.
Flavor | Version | Tinstall | Tcheck | Ttotal | Status | Flags |
---|---|---|---|---|---|---|
r-devel-linux-x86_64-debian-clang | 1.1.2 | 15.73 | 552.11 | 567.84 | NOTE | |
r-devel-linux-x86_64-debian-gcc | 1.1.2 | 11.26 | 317.63 | 328.89 | NOTE | |
r-devel-linux-x86_64-fedora-clang | 1.1.2 | 98.00 | 870.12 | 968.12 | OK | |
r-devel-linux-x86_64-fedora-gcc | 1.1.2 | 33.00 | 809.40 | 842.40 | OK | |
r-devel-windows-x86_64 | 1.1.2 | 17.00 | 475.00 | 492.00 | OK | |
r-patched-linux-x86_64 | 1.1.2 | 14.49 | 517.80 | 532.29 | OK | |
r-release-linux-x86_64 | 1.1.2 | 13.55 | 519.13 | 532.68 | OK | |
r-release-macos-arm64 | 1.1.2 | 7.00 | 343.00 | 350.00 | OK | |
r-release-macos-x86_64 | 1.1.2 | 19.00 | 556.00 | 575.00 | OK | |
r-release-windows-x86_64 | 1.1.2 | 17.00 | 480.00 | 497.00 | OK | |
r-oldrel-macos-arm64 | 1.1.2 | 6.00 | 286.00 | 292.00 | OK | |
r-oldrel-macos-x86_64 | 1.1.2 | 9.00 | 429.00 | 438.00 | OK | |
r-oldrel-windows-x86_64 | 1.1.2 | 24.00 | 691.00 | 715.00 | OK |
Version: 1.1.2
Check: CRAN incoming feasibility
Result: NOTE
Maintainer: ‘Josep L. Carrasco <jlcarrasco@ub.edu>’
No Authors@R field in DESCRIPTION.
Please add one, modifying
Authors@R: person(given = c("Josep", "L."),
family = "Carrasco",
role = c("aut", "cre"),
email = "jlcarrasco@ub.edu")
as necessary.
Flavors: r-devel-linux-x86_64-debian-clang, r-devel-linux-x86_64-debian-gcc
These binaries (installable software) and packages are in development.
They may not be fully stable and should be used with caution. We make no claims about them.