Last updated on 2025-02-16 08:50:49 CET.
Flavor | Version | Tinstall | Tcheck | Ttotal | Status | Flags |
---|---|---|---|---|---|---|
r-devel-linux-x86_64-debian-clang | 1.2.0 | 25.75 | 63.89 | 89.64 | NOTE | |
r-devel-linux-x86_64-debian-gcc | 1.2.0 | 17.02 | 49.25 | 66.27 | NOTE | |
r-devel-linux-x86_64-fedora-clang | 1.2.0 | 149.94 | NOTE | |||
r-devel-linux-x86_64-fedora-gcc | 1.2.0 | 142.69 | NOTE | |||
r-devel-macos-arm64 | 1.2.0 | 41.00 | NOTE | |||
r-devel-macos-x86_64 | 1.2.0 | 73.00 | NOTE | |||
r-devel-windows-x86_64 | 1.2.0 | 28.00 | 95.00 | 123.00 | NOTE | |
r-patched-linux-x86_64 | 1.2.0 | 23.57 | 60.96 | 84.53 | NOTE | |
r-release-linux-x86_64 | 1.2.0 | 22.08 | 60.03 | 82.11 | NOTE | |
r-release-macos-arm64 | 1.2.0 | 44.00 | NOTE | |||
r-release-macos-x86_64 | 1.2.0 | 58.00 | NOTE | |||
r-release-windows-x86_64 | 1.2.0 | 28.00 | 100.00 | 128.00 | NOTE | |
r-oldrel-macos-arm64 | 1.2.0 | 47.00 | NOTE | |||
r-oldrel-macos-x86_64 | 1.2.0 | 74.00 | NOTE | |||
r-oldrel-windows-x86_64 | 1.2.0 | 33.00 | 110.00 | 143.00 | NOTE |
Version: 1.2.0
Check: C++ specification
Result: NOTE
Specified C++11: please drop specification unless essential
Flavors: r-devel-linux-x86_64-debian-clang, r-devel-linux-x86_64-debian-gcc, r-devel-linux-x86_64-fedora-clang, r-devel-linux-x86_64-fedora-gcc, r-devel-macos-arm64, r-devel-macos-x86_64, r-devel-windows-x86_64, r-patched-linux-x86_64, r-release-linux-x86_64, r-release-macos-arm64, r-release-macos-x86_64, r-release-windows-x86_64, r-oldrel-macos-arm64, r-oldrel-macos-x86_64, r-oldrel-windows-x86_64
These binaries (installable software) and packages are in development.
They may not be fully stable and should be used with caution. We make no claims about them.