Last updated on 2025-05-01 14:49:12 CEST.
Flavor | Version | Tinstall | Tcheck | Ttotal | Status | Flags |
---|---|---|---|---|---|---|
r-devel-linux-x86_64-debian-clang | 1.0.1 | 8.87 | 73.47 | 82.34 | NOTE | |
r-devel-linux-x86_64-debian-gcc | 1.0.1 | 5.69 | 54.33 | 60.02 | OK | |
r-devel-linux-x86_64-fedora-clang | 1.0.1 | 125.60 | OK | |||
r-devel-linux-x86_64-fedora-gcc | 1.0.1 | 122.09 | OK | |||
r-devel-windows-x86_64 | 1.0.1 | 8.00 | 79.00 | 87.00 | OK | |
r-patched-linux-x86_64 | 1.0.1 | 7.98 | 69.62 | 77.60 | OK | |
r-release-linux-x86_64 | OK | |||||
r-release-macos-arm64 | 1.0.1 | 38.00 | OK | |||
r-release-macos-x86_64 | 1.0.1 | 74.00 | OK | |||
r-release-windows-x86_64 | 1.0.1 | 9.00 | 79.00 | 88.00 | OK | |
r-oldrel-macos-arm64 | 1.0.1 | 38.00 | OK | |||
r-oldrel-macos-x86_64 | 1.0.1 | 81.00 | OK | |||
r-oldrel-windows-x86_64 | 1.0.1 | 10.00 | 102.00 | 112.00 | OK |
Version: 1.0.1
Check: examples
Result: NOTE
Examples with CPU (user + system) or elapsed time > 5s
user system elapsed
iccmulti 7.34 0.016 9.875
Flavor: r-devel-linux-x86_64-debian-clang
These binaries (installable software) and packages are in development.
They may not be fully stable and should be used with caution. We make no claims about them.