Last updated on 2025-02-16 08:50:49 CET.
Flavor | Version | Tinstall | Tcheck | Ttotal | Status | Flags |
---|---|---|---|---|---|---|
r-devel-linux-x86_64-debian-clang | 1.0 | 50.09 | 23.98 | 74.07 | OK | |
r-devel-linux-x86_64-debian-gcc | 1.0 | 42.94 | 20.23 | 63.17 | OK | |
r-devel-linux-x86_64-fedora-clang | 1.0 | 127.51 | OK | |||
r-devel-linux-x86_64-fedora-gcc | 1.0 | 125.34 | OK | |||
r-devel-macos-arm64 | 1.0 | 51.00 | OK | |||
r-devel-macos-x86_64 | 1.0 | 95.00 | OK | |||
r-devel-windows-x86_64 | 1.0 | 55.00 | 49.00 | 104.00 | OK | |
r-patched-linux-x86_64 | 1.0 | 55.72 | 23.69 | 79.41 | NOTE | |
r-release-linux-x86_64 | 1.0 | 54.14 | 23.26 | 77.40 | NOTE | |
r-release-macos-arm64 | 1.0 | 52.00 | NOTE | |||
r-release-macos-x86_64 | 1.0 | 75.00 | NOTE | |||
r-release-windows-x86_64 | 1.0 | 53.00 | 51.00 | 104.00 | NOTE | |
r-oldrel-macos-arm64 | 1.0 | 58.00 | NOTE | |||
r-oldrel-macos-x86_64 | 1.0 | 84.00 | NOTE | |||
r-oldrel-windows-x86_64 | 1.0 | 54.00 | 49.00 | 103.00 | NOTE |
Version: 1.0
Check: package dependencies
Result: NOTE
Package suggested but not available for checking: ‘icd’
Flavors: r-patched-linux-x86_64, r-release-linux-x86_64, r-release-macos-arm64, r-release-macos-x86_64, r-release-windows-x86_64, r-oldrel-macos-arm64, r-oldrel-macos-x86_64, r-oldrel-windows-x86_64
Version: 1.0
Check: installed package size
Result: NOTE
installed size is 5.8Mb
sub-directories of 1Mb or more:
data 5.6Mb
Flavors: r-release-macos-arm64, r-release-macos-x86_64, r-oldrel-macos-arm64, r-oldrel-macos-x86_64
These binaries (installable software) and packages are in development.
They may not be fully stable and should be used with caution. We make no claims about them.