Last updated on 2025-10-03 11:50:47 CEST.
Flavor | Version | Tinstall | Tcheck | Ttotal | Status | Flags |
---|---|---|---|---|---|---|
r-devel-linux-x86_64-debian-clang | 1.0 | 57.60 | 27.17 | 84.77 | OK | |
r-devel-linux-x86_64-debian-gcc | 1.0 | 42.73 | 23.30 | 66.03 | OK | |
r-devel-linux-x86_64-fedora-clang | 1.0 | 127.13 | OK | |||
r-devel-linux-x86_64-fedora-gcc | 1.0 | 128.85 | OK | |||
r-devel-windows-x86_64 | 1.0 | 53.00 | 47.00 | 100.00 | OK | |
r-patched-linux-x86_64 | 1.0 | 52.45 | 25.35 | 77.80 | OK | |
r-release-linux-x86_64 | 1.0 | 54.47 | 25.37 | 79.84 | OK | |
r-release-macos-arm64 | 1.0 | 57.00 | OK | |||
r-release-macos-x86_64 | 1.0 | 94.00 | OK | |||
r-release-windows-x86_64 | 1.0 | 53.00 | 47.00 | 100.00 | OK | |
r-oldrel-macos-arm64 | 1.0 | 52.00 | NOTE | |||
r-oldrel-macos-x86_64 | 1.0 | 75.00 | NOTE | |||
r-oldrel-windows-x86_64 | 1.0 | 53.00 | 53.00 | 106.00 | NOTE |
Version: 1.0
Check: package dependencies
Result: NOTE
Package suggested but not available for checking: ‘icd’
Flavors: r-oldrel-macos-arm64, r-oldrel-macos-x86_64, r-oldrel-windows-x86_64
Version: 1.0
Check: installed package size
Result: NOTE
installed size is 5.8Mb
sub-directories of 1Mb or more:
data 5.6Mb
Flavors: r-oldrel-macos-arm64, r-oldrel-macos-x86_64
These binaries (installable software) and packages are in development.
They may not be fully stable and should be used with caution. We make no claims about them.