CRAN Package Check Results for Package icenReg

Last updated on 2025-11-13 01:50:23 CET.

Flavor Version Tinstall Tcheck Ttotal Status Flags
r-devel-linux-x86_64-debian-clang 2.0.16 61.58 129.72 191.30 NOTE
r-devel-linux-x86_64-debian-gcc 2.0.16 44.98 99.31 144.29 NOTE
r-devel-linux-x86_64-fedora-clang 2.0.16 246.00 84.70 330.70 OK
r-devel-linux-x86_64-fedora-gcc 2.0.16 159.00 178.64 337.64 OK
r-devel-windows-x86_64 2.0.16 62.00 256.00 318.00 OK
r-patched-linux-x86_64 2.0.16 68.84 129.58 198.42 OK
r-release-linux-x86_64 2.0.16 64.37 129.01 193.38 OK
r-release-macos-arm64 2.0.16 25.00 81.00 106.00 OK
r-release-macos-x86_64 2.0.16 50.00 150.00 200.00 OK
r-release-windows-x86_64 2.0.16 88.00 259.00 347.00 OK
r-oldrel-macos-arm64 2.0.16 25.00 69.00 94.00 NOTE
r-oldrel-macos-x86_64 2.0.16 38.00 125.00 163.00 NOTE
r-oldrel-windows-x86_64 2.0.16 78.00 293.00 371.00 OK

Check Details

Version: 2.0.16
Check: CRAN incoming feasibility
Result: NOTE Maintainer: ‘Clifford Anderson-Bergman <pistacliffcho@gmail.com>’ No Authors@R field in DESCRIPTION. Please add one, modifying Authors@R: person(given = "Clifford", family = "Anderson-Bergman", role = c("aut", "cre"), email = "pistacliffcho@gmail.com") as necessary. Flavors: r-devel-linux-x86_64-debian-clang, r-devel-linux-x86_64-debian-gcc

Version: 2.0.16
Check: installed package size
Result: NOTE installed size is 19.3Mb sub-directories of 1Mb or more: libs 17.8Mb Flavors: r-oldrel-macos-arm64, r-oldrel-macos-x86_64

These binaries (installable software) and packages are in development.
They may not be fully stable and should be used with caution. We make no claims about them.