Last updated on 2024-07-27 15:50:20 CEST.
Flavor | Version | Tinstall | Tcheck | Ttotal | Status | Flags |
---|---|---|---|---|---|---|
r-devel-linux-x86_64-debian-clang | 2.0.16 | 72.98 | 174.57 | 247.55 | OK | |
r-devel-linux-x86_64-debian-gcc | 2.0.16 | OK | ||||
r-devel-linux-x86_64-fedora-clang | 2.0.16 | 337.65 | OK | |||
r-devel-linux-x86_64-fedora-gcc | 2.0.16 | 344.16 | OK | |||
r-devel-windows-x86_64 | 2.0.16 | 60.00 | 259.00 | 319.00 | OK | |
r-patched-linux-x86_64 | 2.0.16 | OK | ||||
r-release-linux-x86_64 | 2.0.16 | 76.88 | 171.76 | 248.64 | OK | |
r-release-macos-arm64 | 2.0.16 | 94.00 | NOTE | |||
r-release-macos-x86_64 | 2.0.16 | 163.00 | NOTE | |||
r-release-windows-x86_64 | 2.0.16 | 65.00 | 259.00 | 324.00 | OK | |
r-oldrel-macos-arm64 | 2.0.16 | 121.00 | NOTE | |||
r-oldrel-macos-x86_64 | 2.0.16 | 261.00 | NOTE | |||
r-oldrel-windows-x86_64 | 2.0.16 | 75.00 | 317.00 | 392.00 | OK |
Version: 2.0.16
Check: installed package size
Result: NOTE
installed size is 19.3Mb
sub-directories of 1Mb or more:
libs 17.8Mb
Flavors: r-release-macos-arm64, r-release-macos-x86_64, r-oldrel-macos-arm64, r-oldrel-macos-x86_64
These binaries (installable software) and packages are in development.
They may not be fully stable and should be used with caution. We make no claims about them.