Last updated on 2025-11-13 07:50:54 CET.
| Flavor | Version | Tinstall | Tcheck | Ttotal | Status | Flags |
|---|---|---|---|---|---|---|
| r-devel-linux-x86_64-debian-clang | 1.5 | 7.66 | 70.28 | 77.94 | OK | |
| r-devel-linux-x86_64-debian-gcc | 1.5 | 6.19 | 52.23 | 58.42 | OK | |
| r-devel-linux-x86_64-fedora-clang | 1.5 | 43.00 | 79.90 | 122.90 | OK | |
| r-devel-linux-x86_64-fedora-gcc | 1.5 | 18.00 | 93.00 | 111.00 | OK | |
| r-devel-windows-x86_64 | 1.5 | 9.00 | 81.00 | 90.00 | OK | |
| r-patched-linux-x86_64 | 1.5 | 8.86 | 65.74 | 74.60 | OK | |
| r-release-linux-x86_64 | 1.5 | 7.53 | 66.10 | 73.63 | OK | |
| r-release-macos-arm64 | 1.5 | 4.00 | 31.00 | 35.00 | OK | |
| r-release-macos-x86_64 | 1.5 | 6.00 | 64.00 | 70.00 | OK | |
| r-release-windows-x86_64 | 1.5 | 8.00 | 83.00 | 91.00 | OK | |
| r-oldrel-macos-arm64 | 1.5 | 4.00 | 31.00 | 35.00 | NOTE | |
| r-oldrel-macos-x86_64 | 1.5 | 6.00 | 48.00 | 54.00 | NOTE | |
| r-oldrel-windows-x86_64 | 1.5 | 11.00 | 102.00 | 113.00 | OK |
Version: 1.5
Check: package dependencies
Result: NOTE
Package suggested but not available for checking: ‘mixAK’
Flavor: r-oldrel-macos-arm64
Version: 1.5
Check: package dependencies
Result: NOTE
Packages suggested but not available for checking: 'mixAK', 'frailtypack'
Flavor: r-oldrel-macos-x86_64
These binaries (installable software) and packages are in development.
They may not be fully stable and should be used with caution. We make no claims about them.