CRAN Package Check Results for Package icensBKL

Last updated on 2025-10-23 15:49:57 CEST.

Flavor Version Tinstall Tcheck Ttotal Status Flags
r-devel-linux-x86_64-debian-clang 1.5 7.95 70.33 78.28 OK
r-devel-linux-x86_64-debian-gcc 1.5 5.78 50.88 56.66 OK
r-devel-linux-x86_64-fedora-clang 1.5 35.00 87.03 122.03 OK
r-devel-linux-x86_64-fedora-gcc 1.5 21.00 87.81 108.81 OK
r-devel-windows-x86_64 1.5 10.00 83.00 93.00 OK
r-patched-linux-x86_64 1.5 9.02 66.46 75.48 OK
r-release-linux-x86_64 1.5 7.78 65.76 73.54 OK
r-release-macos-arm64 1.5 4.00 31.00 35.00 OK
r-release-macos-x86_64 1.5 6.00 64.00 70.00 OK
r-release-windows-x86_64 1.5 10.00 85.00 95.00 OK
r-oldrel-macos-arm64 1.5 4.00 31.00 35.00 NOTE
r-oldrel-macos-x86_64 1.5 6.00 48.00 54.00 NOTE
r-oldrel-windows-x86_64 1.5 13.00 103.00 116.00 OK

Check Details

Version: 1.5
Check: package dependencies
Result: NOTE Package suggested but not available for checking: ‘mixAK’ Flavor: r-oldrel-macos-arm64

Version: 1.5
Check: package dependencies
Result: NOTE Packages suggested but not available for checking: 'mixAK', 'frailtypack' Flavor: r-oldrel-macos-x86_64

These binaries (installable software) and packages are in development.
They may not be fully stable and should be used with caution. We make no claims about them.