Last updated on 2025-05-01 14:49:12 CEST.
Flavor | Version | Tinstall | Tcheck | Ttotal | Status | Flags |
---|---|---|---|---|---|---|
r-devel-linux-x86_64-debian-clang | 4.2.0 | 3.70 | 37.02 | 40.72 | NOTE | |
r-devel-linux-x86_64-debian-gcc | 4.2.0 | 2.72 | 28.63 | 31.35 | NOTE | |
r-devel-linux-x86_64-fedora-clang | 4.2.0 | 64.16 | OK | |||
r-devel-linux-x86_64-fedora-gcc | 4.2.0 | 61.37 | OK | |||
r-devel-windows-x86_64 | 4.2.0 | 5.00 | 58.00 | 63.00 | NOTE | |
r-patched-linux-x86_64 | 4.2.0 | 4.13 | 35.37 | 39.50 | NOTE | |
r-release-linux-x86_64 | NOTE | |||||
r-release-macos-arm64 | 4.2.0 | 27.00 | OK | |||
r-release-macos-x86_64 | 4.2.0 | 47.00 | OK | |||
r-release-windows-x86_64 | 4.2.0 | 7.00 | 63.00 | 70.00 | NOTE | |
r-oldrel-macos-arm64 | 4.2.0 | 23.00 | OK | |||
r-oldrel-macos-x86_64 | 4.2.0 | 32.00 | OK | |||
r-oldrel-windows-x86_64 | 4.2.0 | 6.00 | 62.00 | 68.00 | OK |
Version: 4.2.0
Check: Rd cross-references
Result: NOTE
Found the following Rd file(s) with Rd \link{} targets missing package
anchors:
taf.colors.Rd: TAF-package
taf.skeleton.sa.org.Rd: TAF-package
Please provide package anchors for all Rd \link{} targets not in the
package itself and the base packages.
Flavors: r-devel-linux-x86_64-debian-clang, r-devel-linux-x86_64-debian-gcc, r-devel-windows-x86_64, r-patched-linux-x86_64, r-release-linux-x86_64, r-release-windows-x86_64
These binaries (installable software) and packages are in development.
They may not be fully stable and should be used with caution. We make no claims about them.