Last updated on 2025-05-01 12:49:31 CEST.
Flavor | Version | Tinstall | Tcheck | Ttotal | Status | Flags |
---|---|---|---|---|---|---|
r-devel-linux-x86_64-debian-clang | 1.0.0 | 15.09 | 407.91 | 423.00 | NOTE | |
r-devel-linux-x86_64-debian-gcc | 1.0.0 | 8.76 | 283.01 | 291.77 | OK | |
r-devel-linux-x86_64-fedora-clang | 1.0.0 | 685.06 | OK | |||
r-devel-linux-x86_64-fedora-gcc | 1.0.0 | 680.55 | OK | |||
r-devel-windows-x86_64 | 1.0.0 | 15.00 | 354.00 | 369.00 | OK | |
r-patched-linux-x86_64 | 1.0.0 | 12.21 | 386.55 | 398.76 | OK | |
r-release-linux-x86_64 | OK | |||||
r-release-macos-arm64 | 1.0.0 | 181.00 | OK | |||
r-release-macos-x86_64 | 1.0.0 | 366.00 | OK | |||
r-release-windows-x86_64 | 1.0.0 | 14.00 | 356.00 | 370.00 | OK | |
r-oldrel-macos-arm64 | 1.0.0 | 164.00 | OK | |||
r-oldrel-macos-x86_64 | 1.0.0 | 267.00 | OK | |||
r-oldrel-windows-x86_64 | 1.0.0 | 20.00 | 466.00 | 486.00 | OK |
Version: 1.0.0
Check: examples
Result: NOTE
Examples with CPU (user + system) or elapsed time > 5s
user system elapsed
role_analysis 12.373 0.046 14.959
netwrite 11.750 0.099 14.352
qap_run 9.981 0.031 12.228
qap_setup 8.149 0.048 9.865
comm_detect 7.726 0.250 9.464
Flavor: r-devel-linux-x86_64-debian-clang
Version: 1.0.0
Check: examples
Result: NA
user system elapsed
role_analysis 8.204 0.073 10.721
netwrite 6.818 0.201 8.091
qap_run 6.296 0.149 7.577
comm_detect 5.165 0.189 6.653
qap_setup 5.276 0.076 6.615
OK
Flavor: r-devel-linux-x86_64-debian-gcc
These binaries (installable software) and packages are in development.
They may not be fully stable and should be used with caution. We make no claims about them.