CRAN Package Check Results for Package idendr0

Last updated on 2025-10-23 21:51:29 CEST.

Flavor Version Tinstall Tcheck Ttotal Status Flags
r-devel-linux-x86_64-debian-clang 1.5.3 5.25 42.89 48.14 NOTE
r-devel-linux-x86_64-debian-gcc 1.5.3 5.14 40.05 45.19 NOTE
r-devel-linux-x86_64-fedora-clang 1.5.3 21.00 56.44 77.44 OK
r-devel-linux-x86_64-fedora-gcc 1.5.3 13.00 55.67 68.67 OK
r-devel-windows-x86_64 1.5.3 4.00 60.00 64.00 OK
r-patched-linux-x86_64 1.5.3 4.89 36.19 41.08 NOTE
r-release-linux-x86_64 1.5.3 5.20 36.49 41.69 NOTE
r-release-macos-arm64 1.5.3 5.00 29.00 34.00 OK
r-release-macos-x86_64 1.5.3 5.00 41.00 46.00 OK
r-release-windows-x86_64 1.5.3 6.00 59.00 65.00 OK
r-oldrel-macos-arm64 1.5.3 4.00 25.00 29.00 NOTE
r-oldrel-macos-x86_64 1.5.3 5.00 36.00 41.00 NOTE
r-oldrel-windows-x86_64 1.5.3 5.00 65.00 70.00 NOTE

Check Details

Version: 1.5.3
Check: CRAN incoming feasibility
Result: NOTE Maintainer: ‘Tomas Sieger <tomas.sieger@seznam.cz>’ No Authors@R field in DESCRIPTION. Please add one, modifying Authors@R: person(given = "Tomas", family = "Sieger", role = c("aut", "cre"), email = "tomas.sieger@seznam.cz") as necessary. Flavors: r-devel-linux-x86_64-debian-clang, r-devel-linux-x86_64-debian-gcc

Version: 1.5.3
Check: for unstated dependencies in ‘demo’
Result: NOTE 'library' or 'require' calls not declared from: ‘MASS’ ‘flowStats’ ‘hyperSpec’ Flavors: r-devel-linux-x86_64-debian-clang, r-devel-linux-x86_64-debian-gcc, r-patched-linux-x86_64, r-release-linux-x86_64

Version: 1.5.3
Check: package dependencies
Result: NOTE Package suggested but not available for checking: ‘rggobi’ Flavors: r-oldrel-macos-arm64, r-oldrel-macos-x86_64, r-oldrel-windows-x86_64

These binaries (installable software) and packages are in development.
They may not be fully stable and should be used with caution. We make no claims about them.