Last updated on 2025-02-16 08:50:49 CET.
Flavor | Version | Tinstall | Tcheck | Ttotal | Status | Flags |
---|---|---|---|---|---|---|
r-devel-linux-x86_64-debian-clang | 1.0.1 | 9.38 | 580.12 | 589.50 | NOTE | |
r-devel-linux-x86_64-debian-gcc | 1.0.1 | 5.64 | 392.55 | 398.19 | NOTE | |
r-devel-linux-x86_64-fedora-clang | 1.0.1 | 962.87 | NOTE | |||
r-devel-linux-x86_64-fedora-gcc | 1.0.1 | 900.15 | NOTE | |||
r-devel-macos-arm64 | 1.0.1 | 243.00 | OK | |||
r-devel-macos-x86_64 | 1.0.1 | 521.00 | NOTE | |||
r-devel-windows-x86_64 | 1.0.1 | 10.00 | 514.00 | 524.00 | NOTE | |
r-patched-linux-x86_64 | 1.0.1 | 9.82 | 505.92 | 515.74 | OK | |
r-release-linux-x86_64 | 1.0.1 | 8.25 | 530.50 | 538.75 | OK | |
r-release-macos-arm64 | 1.0.1 | 185.00 | OK | |||
r-release-macos-x86_64 | 1.0.1 | 363.00 | OK | |||
r-release-windows-x86_64 | 1.0.1 | 10.00 | 493.00 | 503.00 | OK | |
r-oldrel-macos-arm64 | 1.0.1 | 362.00 | OK | |||
r-oldrel-macos-x86_64 | 1.0.1 | 679.00 | OK | |||
r-oldrel-windows-x86_64 | 1.0.1 | 15.00 | 676.00 | 691.00 | OK |
Version: 1.0.1
Check: DESCRIPTION meta-information
Result: NOTE
Missing dependency on R >= 4.1.0 because package code uses the pipe
|> or function shorthand \(...) syntax added in R 4.1.0.
File(s) using such syntax:
‘calibrate_LLR.R’ ‘concordance.R’ ‘contentmask.R’ ‘create_corpus.R’
‘delta.R’ ‘density_plot.R’ ‘impostors.R’ ‘lambdaG.R’
‘lambdaG_visualize.R’ ‘ngram_tracing.R’ ‘performance.R’ ‘posterior.R’
‘tokenize_sents.R’ ‘utils.R’ ‘vectorize.R’
Flavors: r-devel-linux-x86_64-debian-clang, r-devel-linux-x86_64-debian-gcc, r-devel-linux-x86_64-fedora-clang, r-devel-linux-x86_64-fedora-gcc, r-devel-macos-x86_64, r-devel-windows-x86_64
These binaries (installable software) and packages are in development.
They may not be fully stable and should be used with caution. We make no claims about them.