CRAN Package Check Results for Package idmc

Last updated on 2025-11-11 15:50:36 CET.

Flavor Version Tinstall Tcheck Ttotal Status Flags
r-devel-linux-x86_64-debian-clang 0.3.1 4.19 38.30 42.49 NOTE
r-devel-linux-x86_64-debian-gcc 0.3.1 3.15 29.18 32.33 NOTE
r-devel-linux-x86_64-fedora-clang 0.3.1 18.00 48.15 66.15 NOTE
r-devel-linux-x86_64-fedora-gcc 0.3.1 68.11 NOTE
r-devel-windows-x86_64 0.3.1 5.00 55.00 60.00 NOTE
r-patched-linux-x86_64 0.3.1 4.05 34.80 38.85 NOTE
r-release-linux-x86_64 0.3.1 3.23 34.61 37.84 NOTE
r-release-macos-arm64 0.3.1 2.00 27.00 29.00 NOTE
r-release-macos-x86_64 0.3.1 3.00 49.00 52.00 NOTE
r-release-windows-x86_64 0.3.1 6.00 51.00 57.00 NOTE
r-oldrel-macos-arm64 0.3.1 2.00 27.00 29.00 OK
r-oldrel-macos-x86_64 0.3.1 3.00 43.00 46.00 OK
r-oldrel-windows-x86_64 0.3.1 8.00 59.00 67.00 OK

Check Details

Version: 0.3.1
Check: DESCRIPTION meta-information
Result: NOTE Missing dependency on R >= 4.1.0 because package code uses the pipe |> or function shorthand \(...) syntax added in R 4.1.0. File(s) using such syntax: ‘idmc_transform_daily.R’ Flavors: r-devel-linux-x86_64-debian-clang, r-devel-linux-x86_64-debian-gcc, r-devel-linux-x86_64-fedora-clang, r-devel-linux-x86_64-fedora-gcc, r-devel-windows-x86_64, r-patched-linux-x86_64, r-release-linux-x86_64, r-release-macos-arm64, r-release-macos-x86_64, r-release-windows-x86_64

These binaries (installable software) and packages are in development.
They may not be fully stable and should be used with caution. We make no claims about them.