CRAN Package Check Results for Package idopNetwork

Last updated on 2025-05-08 04:52:07 CEST.

Flavor Version Tinstall Tcheck Ttotal Status Flags
r-devel-linux-x86_64-debian-clang 0.1.2 13.02 140.96 153.98 NOTE
r-devel-linux-x86_64-debian-gcc 0.1.2 9.42 101.54 110.96 NOTE
r-devel-linux-x86_64-fedora-clang 0.1.2 231.83 OK
r-devel-linux-x86_64-fedora-gcc 0.1.2 246.72 OK
r-devel-windows-x86_64 0.1.2 14.00 140.00 154.00 OK
r-patched-linux-x86_64 0.1.2 13.09 135.26 148.35 OK
r-release-linux-x86_64 0.1.2 13.15 145.18 158.33 OK
r-release-macos-arm64 0.1.2 88.00 OK
r-release-macos-x86_64 0.1.2 138.00 OK
r-release-windows-x86_64 0.1.2 16.00 148.00 164.00 OK
r-oldrel-macos-arm64 0.1.2 65.00 OK
r-oldrel-macos-x86_64 0.1.2 102.00 OK
r-oldrel-windows-x86_64 0.1.2 19.00 180.00 199.00 OK

Check Details

Version: 0.1.2
Check: CRAN incoming feasibility
Result: NOTE Maintainer: ‘Ang Dong <fantasys05227@gmail.com>’ No Authors@R field in DESCRIPTION. Please add one, modifying Authors@R: person(given = "Ang", family = "Dong", role = c("aut", "cre"), email = "fantasys05227@gmail.com") as necessary. Flavors: r-devel-linux-x86_64-debian-clang, r-devel-linux-x86_64-debian-gcc

These binaries (installable software) and packages are in development.
They may not be fully stable and should be used with caution. We make no claims about them.