CRAN Package Check Results for Package idr

Last updated on 2025-07-01 11:49:21 CEST.

Flavor Version Tinstall Tcheck Ttotal Status Flags
r-devel-linux-x86_64-debian-clang 1.3 1.95 21.40 23.35 NOTE
r-devel-linux-x86_64-debian-gcc 1.3 1.63 17.47 19.10 NOTE
r-devel-linux-x86_64-fedora-clang 1.3 35.40 OK
r-devel-linux-x86_64-fedora-gcc 1.3 34.07 OK
r-devel-windows-x86_64 1.3 4.00 46.00 50.00 OK
r-patched-linux-x86_64 OK
r-release-linux-x86_64 1.3 1.77 20.07 21.84 OK
r-release-macos-arm64 1.3 16.00 OK
r-release-macos-x86_64 1.3 24.00 OK
r-release-windows-x86_64 1.3 4.00 51.00 55.00 OK
r-oldrel-macos-arm64 1.3 15.00 OK
r-oldrel-macos-x86_64 1.3 21.00 OK
r-oldrel-windows-x86_64 1.3 3.00 44.00 47.00 OK

Check Details

Version: 1.3
Check: CRAN incoming feasibility
Result: NOTE Maintainer: ‘Qunhua Li <qunhua.li@psu.edu>’ No Authors@R field in DESCRIPTION. Please add one, modifying Authors@R: person(given = "Qunhua", family = "Li", role = c("aut", "cre"), email = "qunhua.li@psu.edu") as necessary. Flavors: r-devel-linux-x86_64-debian-clang, r-devel-linux-x86_64-debian-gcc

These binaries (installable software) and packages are in development.
They may not be fully stable and should be used with caution. We make no claims about them.