CRAN Package Check Results for Package idr

Last updated on 2025-11-11 15:50:36 CET.

Flavor Version Tinstall Tcheck Ttotal Status Flags
r-devel-linux-x86_64-debian-clang 1.3 2.16 22.72 24.88 NOTE
r-devel-linux-x86_64-debian-gcc 1.3 1.55 18.07 19.62 NOTE
r-devel-linux-x86_64-fedora-clang 1.3 10.00 27.46 37.46 OK
r-devel-linux-x86_64-fedora-gcc 1.3 33.92 OK
r-devel-windows-x86_64 1.3 3.00 46.00 49.00 OK
r-patched-linux-x86_64 1.3 2.20 21.65 23.85 OK
r-release-linux-x86_64 1.3 1.83 21.53 23.36 OK
r-release-macos-arm64 1.3 1.00 15.00 16.00 OK
r-release-macos-x86_64 1.3 2.00 22.00 24.00 OK
r-release-windows-x86_64 1.3 3.00 42.00 45.00 OK
r-oldrel-macos-arm64 1.3 1.00 14.00 15.00 OK
r-oldrel-macos-x86_64 1.3 2.00 19.00 21.00 OK
r-oldrel-windows-x86_64 1.3 3.00 44.00 47.00 OK

Check Details

Version: 1.3
Check: CRAN incoming feasibility
Result: NOTE Maintainer: ‘Qunhua Li <qunhua.li@psu.edu>’ No Authors@R field in DESCRIPTION. Please add one, modifying Authors@R: person(given = "Qunhua", family = "Li", role = c("aut", "cre"), email = "qunhua.li@psu.edu") as necessary. Flavors: r-devel-linux-x86_64-debian-clang, r-devel-linux-x86_64-debian-gcc

These binaries (installable software) and packages are in development.
They may not be fully stable and should be used with caution. We make no claims about them.