Last updated on 2025-02-19 16:50:51 CET.
Flavor | Version | Tinstall | Tcheck | Ttotal | Status | Flags |
---|---|---|---|---|---|---|
r-devel-linux-x86_64-debian-clang | 0.2-2 | 2.16 | 15.60 | 17.76 | OK | |
r-devel-linux-x86_64-debian-gcc | 0.2-2 | 1.80 | 13.26 | 15.06 | OK | |
r-devel-linux-x86_64-fedora-clang | 0.2-2 | 28.11 | OK | |||
r-devel-linux-x86_64-fedora-gcc | 0.2-2 | 27.11 | OK | |||
r-devel-macos-arm64 | 0.2-2 | 14.00 | NOTE | |||
r-devel-macos-x86_64 | 0.2-2 | 24.00 | OK | |||
r-patched-linux-x86_64 | 0.2-2 | 1.80 | 14.88 | 16.68 | OK | |
r-release-linux-x86_64 | 0.2-2 | 1.90 | 15.05 | 16.95 | OK | |
r-release-macos-arm64 | 0.2-2 | 16.00 | OK | |||
r-release-macos-x86_64 | 0.2-2 | 21.00 | OK | |||
r-oldrel-macos-arm64 | 0.2-2 | 19.00 | OK | |||
r-oldrel-macos-x86_64 | 0.2-2 | 26.00 | OK |
Version: 0.2-2
Check: differences from ‘ieeeround-Ex.Rout’ to ‘ieeeround-Ex.Rout.save’
Result: NOTE
19c19
< [1] 2048
---
> [1] 0
22c22
< [1] 1024
---
> [1] 0
25c25
< [1] FALSE
---
> [1] TRUE
Flavor: r-devel-macos-arm64
These binaries (installable software) and packages are in development.
They may not be fully stable and should be used with caution. We make no claims about them.