Last updated on 2025-05-24 11:54:02 CEST.
Flavor | Version | Tinstall | Tcheck | Ttotal | Status | Flags |
---|---|---|---|---|---|---|
r-devel-linux-x86_64-debian-clang | 0.23 | 12.98 | 103.69 | 116.67 | NOTE | --no-tests --no-vignettes |
r-devel-linux-x86_64-debian-gcc | 0.23 | 9.72 | 75.32 | 85.04 | NOTE | --no-tests --no-vignettes |
r-devel-linux-x86_64-fedora-clang | 0.23 | 874.78 | OK | |||
r-devel-linux-x86_64-fedora-gcc | 0.23 | 937.49 | OK | |||
r-devel-windows-x86_64 | 0.23 | 14.00 | 400.00 | 414.00 | OK | --no-vignettes |
r-patched-linux-x86_64 | 0.23 | 12.32 | 98.66 | 110.98 | OK | --no-tests --no-vignettes |
r-release-linux-x86_64 | 0.23 | 11.93 | 97.67 | 109.60 | OK | --no-tests --no-vignettes |
r-release-macos-arm64 | 0.23 | 474.00 | OK | |||
r-release-macos-x86_64 | 0.23 | 571.00 | OK | |||
r-release-windows-x86_64 | 0.23 | 14.00 | 140.00 | 154.00 | OK | --no-vignettes |
r-oldrel-macos-arm64 | 0.23 | 299.00 | OK | |||
r-oldrel-macos-x86_64 | 0.23 | 549.00 | OK | |||
r-oldrel-windows-x86_64 | 0.23 | 18.00 | 205.00 | 223.00 | OK | --no-vignettes |
Version: 0.23
Flags: --no-tests --no-vignettes
Check: CRAN incoming feasibility
Result: NOTE
Maintainer: ‘Joshua N. Pritikin <jpritikin@pobox.com>’
Package CITATION file contains call(s) to old-style citEntry(). Please
use bibentry() instead.
Flavors: r-devel-linux-x86_64-debian-clang, r-devel-linux-x86_64-debian-gcc
These binaries (installable software) and packages are in development.
They may not be fully stable and should be used with caution. We make no claims about them.