CRAN Package Check Results for Package ifo

Last updated on 2025-05-01 12:49:31 CEST.

Flavor Version Tinstall Tcheck Ttotal Status Flags
r-devel-linux-x86_64-debian-clang 0.2.0 2.90 31.69 34.59 OK
r-devel-linux-x86_64-debian-gcc 0.2.0 2.17 25.28 27.45 OK
r-devel-linux-x86_64-fedora-clang 0.2.0 52.10 NOTE
r-devel-linux-x86_64-fedora-gcc 0.2.0 50.99 NOTE
r-devel-windows-x86_64 0.2.0 5.00 55.00 60.00 OK
r-patched-linux-x86_64 0.2.0 2.69 29.55 32.24 OK
r-release-linux-x86_64 OK
r-release-macos-arm64 0.2.0 21.00 OK
r-release-macos-x86_64 0.2.0 36.00 OK
r-release-windows-x86_64 0.2.0 6.00 56.00 62.00 OK
r-oldrel-macos-arm64 0.2.0 28.00 OK
r-oldrel-macos-x86_64 0.2.0 38.00 OK
r-oldrel-windows-x86_64 0.2.0 6.00 58.00 64.00 OK

Check Details

Version: 0.2.0
Check: dependencies in R code
Result: NOTE Namespace in Imports field not imported from: ‘utils’ All declared Imports should be used. Flavors: r-devel-linux-x86_64-fedora-clang, r-devel-linux-x86_64-fedora-gcc

These binaries (installable software) and packages are in development.
They may not be fully stable and should be used with caution. We make no claims about them.