Last updated on 2025-07-01 11:49:21 CEST.
Flavor | Version | Tinstall | Tcheck | Ttotal | Status | Flags |
---|---|---|---|---|---|---|
r-devel-linux-x86_64-debian-clang | 0.1.10 | 2.69 | 20.72 | 23.41 | NOTE | |
r-devel-linux-x86_64-debian-gcc | 0.1.10 | 2.26 | 16.92 | 19.18 | NOTE | |
r-devel-linux-x86_64-fedora-clang | 0.1.10 | 36.86 | OK | |||
r-devel-linux-x86_64-fedora-gcc | 0.1.10 | 34.18 | OK | |||
r-devel-windows-x86_64 | 0.1.10 | 5.00 | 42.00 | 47.00 | OK | |
r-patched-linux-x86_64 | OK | |||||
r-release-linux-x86_64 | 0.1.10 | 2.69 | 19.14 | 21.83 | OK | |
r-release-macos-arm64 | 0.1.10 | 17.00 | OK | |||
r-release-macos-x86_64 | 0.1.10 | 26.00 | OK | |||
r-release-windows-x86_64 | 0.1.10 | 5.00 | 45.00 | 50.00 | OK | |
r-oldrel-macos-arm64 | 0.1.10 | 16.00 | OK | |||
r-oldrel-macos-x86_64 | 0.1.10 | 22.00 | OK | |||
r-oldrel-windows-x86_64 | 0.1.10 | 6.00 | 39.00 | 45.00 | OK |
Version: 0.1.10
Check: CRAN incoming feasibility
Result: NOTE
Maintainer: ‘Stefano M. Iacus <siacus@iq.harvard.edu>’
No Authors@R field in DESCRIPTION.
Please add one, modifying
Authors@R: c(person(given = c("S.", "M."),
family = "Iacus",
role = "aut"),
person(given = c("Stefano", "M."),
family = "Iacus",
role = "cre",
email = "siacus@iq.harvard.edu"))
as necessary.
Flavors: r-devel-linux-x86_64-debian-clang, r-devel-linux-x86_64-debian-gcc
These binaries (installable software) and packages are in development.
They may not be fully stable and should be used with caution. We make no claims about them.