Last updated on 2025-05-01 14:49:12 CEST.
Flavor | Version | Tinstall | Tcheck | Ttotal | Status | Flags |
---|---|---|---|---|---|---|
r-devel-linux-x86_64-debian-clang | 0.1.1 | 3.16 | 50.70 | 53.86 | NOTE | |
r-devel-linux-x86_64-debian-gcc | 0.1.1 | 2.50 | 37.79 | 40.29 | OK | |
r-devel-linux-x86_64-fedora-clang | 0.1.1 | 83.32 | OK | |||
r-devel-linux-x86_64-fedora-gcc | 0.1.1 | 80.39 | OK | |||
r-devel-windows-x86_64 | 0.1.1 | 4.00 | 69.00 | 73.00 | OK | |
r-patched-linux-x86_64 | 0.1.1 | 2.73 | 47.90 | 50.63 | OK | |
r-release-linux-x86_64 | OK | |||||
r-release-macos-arm64 | 0.1.1 | 35.00 | OK | |||
r-release-macos-x86_64 | 0.1.1 | 45.00 | OK | |||
r-release-windows-x86_64 | 0.1.1 | 4.00 | 78.00 | 82.00 | OK | |
r-oldrel-macos-arm64 | 0.1.1 | 30.00 | OK | |||
r-oldrel-macos-x86_64 | 0.1.1 | 50.00 | OK | |||
r-oldrel-windows-x86_64 | 0.1.1 | 5.00 | 78.00 | 83.00 | OK |
Version: 0.1.1
Check: examples
Result: NOTE
Examples with CPU (user + system) or elapsed time > 5s
user system elapsed
cluster_degree_betweenness 9.431 0.146 12.079
prep_unlabeled_graph 8.474 0.169 10.745
plot_simplified_edgeplot 3.876 0.147 5.182
Flavor: r-devel-linux-x86_64-debian-clang
Version: 0.1.1
Check: examples
Result: NA
user system elapsed
cluster_degree_betweenness 6.803 0.157 9.602
prep_unlabeled_graph 5.959 0.170 7.035
OK
Flavor: r-devel-linux-x86_64-debian-gcc
These binaries (installable software) and packages are in development.
They may not be fully stable and should be used with caution. We make no claims about them.