Last updated on 2025-02-16 08:50:49 CET.
Flavor | Version | Tinstall | Tcheck | Ttotal | Status | Flags |
---|---|---|---|---|---|---|
r-devel-linux-x86_64-debian-clang | 0.1.0 | 3.15 | 50.39 | 53.54 | NOTE | |
r-devel-linux-x86_64-debian-gcc | 0.1.0 | 2.34 | 36.39 | 38.73 | NOTE | |
r-devel-linux-x86_64-fedora-clang | 0.1.0 | 87.06 | NOTE | |||
r-devel-linux-x86_64-fedora-gcc | 0.1.0 | 80.51 | NOTE | |||
r-devel-macos-arm64 | 0.1.0 | 32.00 | OK | |||
r-devel-macos-x86_64 | 0.1.0 | 52.00 | NOTE | |||
r-devel-windows-x86_64 | 0.1.0 | 4.00 | 69.00 | 73.00 | NOTE | |
r-patched-linux-x86_64 | 0.1.0 | 3.08 | 46.80 | 49.88 | OK | |
r-release-linux-x86_64 | 0.1.0 | 2.77 | 47.28 | 50.05 | OK | |
r-release-macos-arm64 | 0.1.0 | 32.00 | OK | |||
r-release-macos-x86_64 | 0.1.0 | 49.00 | OK | |||
r-release-windows-x86_64 | 0.1.0 | 5.00 | 67.00 | 72.00 | OK | |
r-oldrel-macos-arm64 | 0.1.0 | 38.00 | OK | |||
r-oldrel-macos-x86_64 | 0.1.0 | 55.00 | OK | |||
r-oldrel-windows-x86_64 | 0.1.0 | 5.00 | 75.00 | 80.00 | OK |
Version: 0.1.0
Check: DESCRIPTION meta-information
Result: NOTE
Missing dependency on R >= 4.1.0 because package code uses the pipe
|> or function shorthand \(...) syntax added in R 4.1.0.
File(s) using such syntax:
‘cluster_degree_betweenness.R’
Flavors: r-devel-linux-x86_64-debian-clang, r-devel-linux-x86_64-debian-gcc, r-devel-linux-x86_64-fedora-clang, r-devel-linux-x86_64-fedora-gcc, r-devel-macos-x86_64, r-devel-windows-x86_64
These binaries (installable software) and packages are in development.
They may not be fully stable and should be used with caution. We make no claims about them.