Last updated on 2025-07-04 21:50:09 CEST.
Flavor | Version | Tinstall | Tcheck | Ttotal | Status | Flags |
---|---|---|---|---|---|---|
r-devel-linux-x86_64-debian-clang | 0.0.41 | 40.28 | 377.97 | 418.25 | OK | |
r-devel-linux-x86_64-debian-gcc | 0.0.41 | 27.17 | 249.01 | 276.18 | OK | |
r-devel-linux-x86_64-fedora-clang | 0.0.41 | 670.73 | OK | |||
r-devel-linux-x86_64-fedora-gcc | 0.0.41 | 605.39 | OK | |||
r-devel-windows-x86_64 | 0.0.41 | 35.00 | 293.00 | 328.00 | OK | |
r-patched-linux-x86_64 | 0.0.41 | 37.82 | 356.42 | 394.24 | OK | |
r-release-linux-x86_64 | 0.0.41 | 36.00 | 355.58 | 391.58 | OK | |
r-release-macos-arm64 | 0.0.41 | 153.00 | OK | |||
r-release-macos-x86_64 | 0.0.41 | 316.00 | OK | |||
r-release-windows-x86_64 | 0.0.41 | 34.00 | 302.00 | 336.00 | OK | |
r-oldrel-macos-arm64 | 0.0.41 | 10.00 | ERROR | |||
r-oldrel-macos-x86_64 | 0.0.41 | 12.00 | ERROR | |||
r-oldrel-windows-x86_64 | 0.0.41 | 16.00 | 9.00 | 25.00 | ERROR |
Version: 0.0.41
Check: package dependencies
Result: ERROR
Package required and available but unsuitable version: ‘utils’
See section ‘The DESCRIPTION file’ in the ‘Writing R Extensions’
manual.
Flavors: r-oldrel-macos-arm64, r-oldrel-macos-x86_64, r-oldrel-windows-x86_64
These binaries (installable software) and packages are in development.
They may not be fully stable and should be used with caution. We make no claims about them.