Last updated on 2025-05-01 15:49:34 CEST.
Flavor | Version | Tinstall | Tcheck | Ttotal | Status | Flags |
---|---|---|---|---|---|---|
r-devel-linux-x86_64-debian-clang | 0.3.3 | 6.68 | 69.90 | 76.58 | NOTE | |
r-devel-linux-x86_64-debian-gcc | 0.3.3 | 4.38 | 49.67 | 54.05 | OK | |
r-devel-linux-x86_64-fedora-clang | 0.3.3 | 109.59 | NOTE | |||
r-devel-linux-x86_64-fedora-gcc | 0.3.3 | 114.71 | NOTE | |||
r-devel-windows-x86_64 | 0.3.3 | 9.00 | 84.00 | 93.00 | OK | |
r-patched-linux-x86_64 | 0.3.3 | 6.95 | 62.97 | 69.92 | OK | |
r-release-linux-x86_64 | OK | |||||
r-release-macos-arm64 | 0.3.3 | 54.00 | OK | |||
r-release-macos-x86_64 | 0.3.3 | 71.00 | OK | |||
r-release-windows-x86_64 | 0.3.3 | 8.00 | 88.00 | 96.00 | OK | |
r-oldrel-macos-arm64 | 0.3.3 | 38.00 | OK | |||
r-oldrel-macos-x86_64 | 0.3.3 | 58.00 | OK | |||
r-oldrel-windows-x86_64 | 0.3.3 | 10.00 | 100.00 | 110.00 | OK |
Version: 0.3.3
Check: examples
Result: NOTE
Examples with CPU (user + system) or elapsed time > 5s
user system elapsed
robust.categorical.igate 4.469 0.026 5.795
report 3.652 0.193 5.684
categorical.freqplot 3.665 0.117 5.434
Flavor: r-devel-linux-x86_64-debian-clang
Version: 0.3.3
Check: dependencies in R code
Result: NOTE
Namespaces in Imports field not imported from:
‘kableExtra’ ‘knitr’ ‘xtable’
All declared Imports should be used.
Flavors: r-devel-linux-x86_64-fedora-clang, r-devel-linux-x86_64-fedora-gcc
These binaries (installable software) and packages are in development.
They may not be fully stable and should be used with caution. We make no claims about them.