Last updated on 2025-02-16 08:50:49 CET.
Flavor | Version | Tinstall | Tcheck | Ttotal | Status | Flags |
---|---|---|---|---|---|---|
r-devel-linux-x86_64-debian-clang | 0.3.3 | 6.00 | 62.78 | 68.78 | OK | |
r-devel-linux-x86_64-debian-gcc | 0.3.3 | 4.89 | 43.51 | 48.40 | OK | |
r-devel-linux-x86_64-fedora-clang | 0.3.3 | 112.98 | NOTE | |||
r-devel-linux-x86_64-fedora-gcc | 0.3.3 | 114.27 | NOTE | |||
r-devel-macos-arm64 | 0.3.3 | 40.00 | OK | |||
r-devel-macos-x86_64 | 0.3.3 | 75.00 | OK | |||
r-devel-windows-x86_64 | 0.3.3 | 9.00 | 84.00 | 93.00 | OK | |
r-patched-linux-x86_64 | 0.3.3 | 5.72 | 57.06 | 62.78 | OK | |
r-release-linux-x86_64 | 0.3.3 | 5.45 | 58.09 | 63.54 | OK | |
r-release-macos-arm64 | 0.3.3 | 38.00 | OK | |||
r-release-macos-x86_64 | 0.3.3 | 58.00 | OK | |||
r-release-windows-x86_64 | 0.3.3 | 7.00 | 92.00 | 99.00 | OK | |
r-oldrel-macos-arm64 | 0.3.3 | 40.00 | OK | |||
r-oldrel-macos-x86_64 | 0.3.3 | 59.00 | OK | |||
r-oldrel-windows-x86_64 | 0.3.3 | 11.00 | 86.00 | 97.00 | OK |
Version: 0.3.3
Check: dependencies in R code
Result: NOTE
Namespaces in Imports field not imported from:
‘kableExtra’ ‘knitr’ ‘xtable’
All declared Imports should be used.
Flavors: r-devel-linux-x86_64-fedora-clang, r-devel-linux-x86_64-fedora-gcc
These binaries (installable software) and packages are in development.
They may not be fully stable and should be used with caution. We make no claims about them.