CRAN Package Check Results for Package igate

Last updated on 2025-07-17 17:50:17 CEST.

Flavor Version Tinstall Tcheck Ttotal Status Flags
r-devel-linux-x86_64-debian-clang 0.3.3 6.52 69.05 75.57 OK
r-devel-linux-x86_64-debian-gcc 0.3.3 4.51 48.54 53.05 OK
r-devel-linux-x86_64-fedora-clang 0.3.3 113.87 NOTE
r-devel-linux-x86_64-fedora-gcc 0.3.3 117.95 NOTE
r-devel-windows-x86_64 0.3.3 8.00 79.00 87.00 OK
r-patched-linux-x86_64 0.3.3 6.10 62.19 68.29 OK
r-release-linux-x86_64 0.3.3 5.86 63.05 68.91 OK
r-release-macos-arm64 0.3.3 54.00 OK
r-release-macos-x86_64 0.3.3 71.00 OK
r-release-windows-x86_64 0.3.3 9.00 79.00 88.00 OK
r-oldrel-macos-arm64 0.3.3 38.00 OK
r-oldrel-macos-x86_64 0.3.3 58.00 OK
r-oldrel-windows-x86_64 0.3.3 10.00 97.00 107.00 OK

Check Details

Version: 0.3.3
Check: dependencies in R code
Result: NOTE Namespaces in Imports field not imported from: ‘kableExtra’ ‘knitr’ ‘xtable’ All declared Imports should be used. Flavors: r-devel-linux-x86_64-fedora-clang, r-devel-linux-x86_64-fedora-gcc

These binaries (installable software) and packages are in development.
They may not be fully stable and should be used with caution. We make no claims about them.