Last updated on 2025-02-16 08:50:49 CET.
Flavor | Version | Tinstall | Tcheck | Ttotal | Status | Flags |
---|---|---|---|---|---|---|
r-devel-linux-x86_64-debian-clang | 1.0.0 | 1.99 | 43.03 | 45.02 | NOTE | |
r-devel-linux-x86_64-debian-gcc | 1.0.0 | 1.37 | 31.07 | 32.44 | NOTE | |
r-devel-linux-x86_64-fedora-clang | 1.0.0 | 75.07 | NOTE | |||
r-devel-linux-x86_64-fedora-gcc | 1.0.0 | 81.73 | NOTE | |||
r-devel-macos-arm64 | 1.0.0 | 31.00 | OK | |||
r-devel-macos-x86_64 | 1.0.0 | 56.00 | NOTE | |||
r-devel-windows-x86_64 | 1.0.0 | 3.00 | 61.00 | 64.00 | NOTE | |
r-patched-linux-x86_64 | 1.0.0 | 1.88 | 39.91 | 41.79 | OK | |
r-release-linux-x86_64 | 1.0.0 | 1.84 | 39.50 | 41.34 | OK | |
r-release-macos-arm64 | 1.0.0 | 41.00 | OK | |||
r-release-macos-x86_64 | 1.0.0 | 61.00 | OK | |||
r-release-windows-x86_64 | 1.0.0 | 3.00 | 62.00 | 65.00 | OK | |
r-oldrel-macos-arm64 | 1.0.0 | 45.00 | OK | |||
r-oldrel-macos-x86_64 | 1.0.0 | 69.00 | OK | |||
r-oldrel-windows-x86_64 | 1.0.0 | 4.00 | 72.00 | 76.00 | OK |
Version: 1.0.0
Check: DESCRIPTION meta-information
Result: NOTE
Missing dependency on R >= 4.1.0 because package code uses the pipe
|> or function shorthand \(...) syntax added in R 4.1.0.
File(s) using such syntax:
‘ig_to_igr.R’ ‘st_igr_as_sf.R’ ‘st_irishgridrefs.R’
Flavors: r-devel-linux-x86_64-debian-clang, r-devel-linux-x86_64-debian-gcc, r-devel-linux-x86_64-fedora-clang, r-devel-linux-x86_64-fedora-gcc, r-devel-macos-x86_64, r-devel-windows-x86_64
These binaries (installable software) and packages are in development.
They may not be fully stable and should be used with caution. We make no claims about them.