CRAN Package Check Results for Package igraph

Last updated on 2025-07-26 01:50:52 CEST.

Flavor Version Tinstall Tcheck Ttotal Status Flags
r-devel-linux-x86_64-debian-clang 2.1.4 231.43 408.85 640.28 NOTE
r-devel-linux-x86_64-debian-gcc 2.1.4 185.36 276.38 461.74 NOTE
r-devel-linux-x86_64-fedora-clang 2.1.4 1027.98 NOTE
r-devel-linux-x86_64-fedora-gcc 2.1.4 1011.26 NOTE
r-devel-windows-x86_64 2.1.4 535.00 497.00 1032.00 NOTE
r-patched-linux-x86_64 2.1.4 253.72 383.09 636.81 NOTE
r-release-linux-x86_64 2.1.4 239.95 386.69 626.64 NOTE
r-release-macos-arm64 2.1.4 292.00 NOTE
r-release-macos-x86_64 2.1.4 395.00 NOTE
r-release-windows-x86_64 2.1.4 551.00 494.00 1045.00 NOTE
r-oldrel-macos-arm64 2.1.4 271.00 NOTE
r-oldrel-macos-x86_64 2.1.4 408.00 NOTE
r-oldrel-windows-x86_64 2.1.4 570.00 604.00 1174.00 NOTE

Check Details

Version: 2.1.4
Check: compiled code
Result: NOTE File ‘igraph/libs/igraph.so’: Found non-API call to R: ‘Rf_allocSExp’ Compiled code should not call non-API entry points in R. See ‘Writing portable packages’ in the ‘Writing R Extensions’ manual, and section ‘Moving into C API compliance’ for issues with the use of non-API entry points. Flavors: r-devel-linux-x86_64-debian-clang, r-devel-linux-x86_64-debian-gcc, r-devel-linux-x86_64-fedora-clang, r-devel-linux-x86_64-fedora-gcc, r-patched-linux-x86_64, r-release-linux-x86_64, r-release-macos-arm64, r-release-macos-x86_64

Version: 2.1.4
Check: compiled code
Result: NOTE File 'igraph/libs/x64/igraph.dll': Found non-API call to R: 'Rf_allocSExp' Compiled code should not call non-API entry points in R. See 'Writing portable packages' in the 'Writing R Extensions' manual, and section 'Moving into C API compliance' for issues with the use of non-API entry points. Flavors: r-devel-windows-x86_64, r-release-windows-x86_64

Version: 2.1.4
Check: installed package size
Result: NOTE installed size is 23.8Mb sub-directories of 1Mb or more: R 2.1Mb doc 1.2Mb help 2.9Mb libs 17.1Mb Flavors: r-oldrel-macos-arm64, r-oldrel-macos-x86_64, r-oldrel-windows-x86_64

These binaries (installable software) and packages are in development.
They may not be fully stable and should be used with caution. We make no claims about them.