Last updated on 2025-10-03 11:50:47 CEST.
Flavor | Version | Tinstall | Tcheck | Ttotal | Status | Flags |
---|---|---|---|---|---|---|
r-devel-linux-x86_64-debian-clang | 0.1 | 2.90 | 31.65 | 34.55 | OK | |
r-devel-linux-x86_64-debian-gcc | 0.1 | 2.68 | 24.62 | 27.30 | OK | |
r-devel-linux-x86_64-fedora-clang | 0.1 | 49.70 | OK | |||
r-devel-linux-x86_64-fedora-gcc | 0.1 | 53.01 | OK | |||
r-devel-windows-x86_64 | 0.1 | 5.00 | 49.00 | 54.00 | OK | |
r-patched-linux-x86_64 | 0.1 | 3.52 | 29.83 | 33.35 | OK | |
r-release-linux-x86_64 | 0.1 | 3.17 | 30.28 | 33.45 | OK | |
r-release-macos-arm64 | 0.1 | 23.00 | OK | |||
r-release-macos-x86_64 | 0.1 | 42.00 | OK | |||
r-release-windows-x86_64 | 0.1 | 6.00 | 49.00 | 55.00 | OK | |
r-oldrel-macos-arm64 | 0.1 | 20.00 | NOTE | |||
r-oldrel-macos-x86_64 | 0.1 | 30.00 | NOTE | |||
r-oldrel-windows-x86_64 | 0.1 | 6.00 | 56.00 | 62.00 | NOTE |
Version: 0.1
Check: LazyData
Result: NOTE
'LazyData' is specified without a 'data' directory
Flavors: r-oldrel-macos-arm64, r-oldrel-macos-x86_64, r-oldrel-windows-x86_64
These binaries (installable software) and packages are in development.
They may not be fully stable and should be used with caution. We make no claims about them.