CRAN Package Check Results for Package ihpdr

Last updated on 2025-05-01 12:49:31 CEST.

Flavor Version Tinstall Tcheck Ttotal Status Flags
r-devel-linux-x86_64-debian-clang 1.2.1 5.57 52.41 57.98 NOTE
r-devel-linux-x86_64-debian-gcc 1.2.1 3.85 37.38 41.23 NOTE
r-devel-linux-x86_64-fedora-clang 1.2.1 85.48 OK
r-devel-linux-x86_64-fedora-gcc 1.2.1 82.08 OK
r-devel-windows-x86_64 1.2.1 8.00 67.00 75.00 OK
r-patched-linux-x86_64 1.2.1 5.29 47.32 52.61 OK
r-release-linux-x86_64 OK
r-release-macos-arm64 1.2.1 40.00 OK
r-release-macos-x86_64 1.2.1 61.00 OK
r-release-windows-x86_64 1.2.1 9.00 69.00 78.00 OK
r-oldrel-macos-arm64 1.2.1 38.00 NOTE
r-oldrel-macos-x86_64 1.2.1 48.00 NOTE
r-oldrel-windows-x86_64 1.2.1 9.00 76.00 85.00 NOTE

Check Details

Version: 1.2.1
Check: CRAN incoming feasibility
Result: NOTE Maintainer: ‘Kostas Vasilopoulos <k.vasilopoulo@gmail.com>’ Package CITATION file contains call(s) to old-style personList() or as.personList(). Please use c() on person objects instead. Package CITATION file contains call(s) to old-style citEntry(). Please use bibentry() instead. Flavors: r-devel-linux-x86_64-debian-clang, r-devel-linux-x86_64-debian-gcc

Version: 1.2.1
Check: LazyData
Result: NOTE 'LazyData' is specified without a 'data' directory Flavors: r-oldrel-macos-arm64, r-oldrel-macos-x86_64, r-oldrel-windows-x86_64

These binaries (installable software) and packages are in development.
They may not be fully stable and should be used with caution. We make no claims about them.