Last updated on 2025-11-13 15:51:14 CET.
| Flavor | Version | Tinstall | Tcheck | Ttotal | Status | Flags |
|---|---|---|---|---|---|---|
| r-devel-linux-x86_64-debian-clang | 3.1.3 | 6.32 | 69.37 | 75.69 | OK | |
| r-devel-linux-x86_64-debian-gcc | 3.1.3 | 4.70 | 55.52 | 60.22 | OK | |
| r-devel-linux-x86_64-fedora-clang | 3.1.3 | 26.00 | 91.49 | 117.49 | OK | |
| r-devel-linux-x86_64-fedora-gcc | 3.1.3 | 15.00 | 109.68 | 124.68 | OK | |
| r-devel-windows-x86_64 | 3.1.3 | 16.00 | 111.00 | 127.00 | OK | |
| r-patched-linux-x86_64 | 3.1.3 | 5.81 | 65.17 | 70.98 | OK | |
| r-release-linux-x86_64 | 3.1.3 | 5.79 | 65.14 | 70.93 | OK | |
| r-release-macos-arm64 | 3.1.3 | 5.00 | 41.00 | 46.00 | OK | |
| r-release-macos-x86_64 | 3.1.3 | 12.00 | 104.00 | 116.00 | OK | |
| r-release-windows-x86_64 | 3.1.3 | 16.00 | 104.00 | 120.00 | OK | |
| r-oldrel-macos-arm64 | 3.1.3 | 6.00 | 46.00 | 52.00 | NOTE | |
| r-oldrel-macos-x86_64 | 3.1.3 | 10.00 | 92.00 | 102.00 | NOTE | |
| r-oldrel-windows-x86_64 | 3.1.3 | 19.00 | 129.00 | 148.00 | OK |
Version: 3.1.3
Check: installed package size
Result: NOTE
installed size is 8.0Mb
sub-directories of 1Mb or more:
libs 6.1Mb
Flavors: r-oldrel-macos-arm64, r-oldrel-macos-x86_64
These binaries (installable software) and packages are in development.
They may not be fully stable and should be used with caution. We make no claims about them.