CRAN Package Check Results for Package ijtiff

Last updated on 2025-07-26 07:50:24 CEST.

Flavor Version Tinstall Tcheck Ttotal Status Flags
r-devel-linux-x86_64-debian-clang 3.1.3 5.88 69.45 75.33 OK
r-devel-linux-x86_64-debian-gcc 3.1.3 4.63 54.48 59.11 OK
r-devel-linux-x86_64-fedora-clang 3.1.3 108.59 OK
r-devel-linux-x86_64-fedora-gcc 3.1.3 114.49 OK
r-devel-windows-x86_64 3.1.3 14.00 123.00 137.00 OK
r-patched-linux-x86_64 3.1.3 5.98 63.82 69.80 OK
r-release-linux-x86_64 3.1.3 5.65 64.39 70.04 OK
r-release-macos-arm64 3.1.3 46.00 OK
r-release-macos-x86_64 3.1.3 116.00 OK
r-release-windows-x86_64 3.1.3 15.00 107.00 122.00 OK
r-oldrel-macos-arm64 3.1.3 52.00 NOTE
r-oldrel-macos-x86_64 3.1.3 102.00 NOTE
r-oldrel-windows-x86_64 3.1.3 15.00 127.00 142.00 OK

Check Details

Version: 3.1.3
Check: installed package size
Result: NOTE installed size is 8.0Mb sub-directories of 1Mb or more: libs 6.1Mb Flavors: r-oldrel-macos-arm64, r-oldrel-macos-x86_64

These binaries (installable software) and packages are in development.
They may not be fully stable and should be used with caution. We make no claims about them.