CRAN Package Check Results for Package ijtiff

Last updated on 2025-05-08 04:52:07 CEST.

Flavor Version Tinstall Tcheck Ttotal Status Flags
r-devel-linux-x86_64-debian-clang 3.1.3 6.08 68.57 74.65 OK
r-devel-linux-x86_64-debian-gcc 3.1.3 4.58 54.42 59.00 OK
r-devel-linux-x86_64-fedora-clang 3.1.3 120.55 OK
r-devel-linux-x86_64-fedora-gcc 3.1.3 128.28 OK
r-devel-windows-x86_64 3.1.3 14.00 109.00 123.00 OK
r-patched-linux-x86_64 3.1.3 6.82 64.44 71.26 OK
r-release-linux-x86_64 3.1.3 6.23 63.79 70.02 OK
r-release-macos-arm64 3.1.3 46.00 OK
r-release-macos-x86_64 3.1.3 116.00 OK
r-release-windows-x86_64 3.1.3 14.00 108.00 122.00 OK
r-oldrel-macos-arm64 3.1.3 52.00 NOTE
r-oldrel-macos-x86_64 3.1.3 102.00 NOTE
r-oldrel-windows-x86_64 3.1.3 16.00 124.00 140.00 OK

Check Details

Version: 3.1.3
Check: installed package size
Result: NOTE installed size is 8.0Mb sub-directories of 1Mb or more: libs 6.1Mb Flavors: r-oldrel-macos-arm64, r-oldrel-macos-x86_64

These binaries (installable software) and packages are in development.
They may not be fully stable and should be used with caution. We make no claims about them.