CRAN Package Check Results for Package image.ContourDetector

Last updated on 2025-07-02 01:51:41 CEST.

Flavor Version Tinstall Tcheck Ttotal Status Flags
r-devel-linux-x86_64-debian-clang 0.1.1 12.03 51.37 63.40 NOTE
r-devel-linux-x86_64-debian-gcc 0.1.1 8.78 37.17 45.95 NOTE
r-devel-linux-x86_64-fedora-clang 0.1.1 100.94 NOTE
r-devel-linux-x86_64-fedora-gcc 0.1.1 88.55 NOTE
r-devel-windows-x86_64 0.1.1 15.00 85.00 100.00 NOTE
r-patched-linux-x86_64 NOTE
r-release-linux-x86_64 0.1.1 10.71 46.99 57.70 NOTE
r-release-macos-arm64 0.1.1 31.00 NOTE
r-release-macos-x86_64 0.1.1 57.00 NOTE
r-release-windows-x86_64 0.1.1 15.00 86.00 101.00 NOTE
r-oldrel-macos-arm64 0.1.1 30.00 NOTE
r-oldrel-macos-x86_64 0.1.1 53.00 NOTE
r-oldrel-windows-x86_64 0.1.1 20.00 100.00 120.00 NOTE

Check Details

Version: 0.1.1
Check: CRAN incoming feasibility
Result: NOTE Maintainer: ‘Jan Wijffels <jwijffels@bnosac.be>’ Package CITATION file contains call(s) to old-style personList() or as.personList(). Please use c() on person objects instead. Package CITATION file contains call(s) to old-style citEntry(). Please use bibentry() instead. Flavors: r-devel-linux-x86_64-debian-clang, r-devel-linux-x86_64-debian-gcc

Version: 0.1.1
Check: Rd files
Result: NOTE checkRd: (-1) image_contour_detector.Rd:19: Lost braces in \itemize; \value handles \item{}{} directly checkRd: (-1) image_contour_detector.Rd:20: Lost braces in \itemize; \value handles \item{}{} directly checkRd: (-1) image_contour_detector.Rd:21: Lost braces in \itemize; \value handles \item{}{} directly Flavors: r-devel-linux-x86_64-debian-clang, r-devel-linux-x86_64-debian-gcc, r-devel-linux-x86_64-fedora-clang, r-devel-linux-x86_64-fedora-gcc, r-devel-windows-x86_64, r-patched-linux-x86_64, r-release-linux-x86_64, r-release-macos-arm64, r-release-macos-x86_64, r-release-windows-x86_64, r-oldrel-macos-arm64, r-oldrel-macos-x86_64, r-oldrel-windows-x86_64

These binaries (installable software) and packages are in development.
They may not be fully stable and should be used with caution. We make no claims about them.