Last updated on 2025-02-16 08:50:49 CET.
Flavor | Version | Tinstall | Tcheck | Ttotal | Status | Flags |
---|---|---|---|---|---|---|
r-devel-linux-x86_64-debian-clang | 0.1.0 | 11.70 | 31.81 | 43.51 | NOTE | |
r-devel-linux-x86_64-debian-gcc | 0.1.0 | 8.69 | 24.26 | 32.95 | NOTE | |
r-devel-linux-x86_64-fedora-clang | 0.1.0 | 76.02 | NOTE | |||
r-devel-linux-x86_64-fedora-gcc | 0.1.0 | 73.50 | NOTE | |||
r-devel-macos-arm64 | 0.1.0 | 24.00 | NOTE | |||
r-devel-macos-x86_64 | 0.1.0 | 52.00 | NOTE | |||
r-devel-windows-x86_64 | 0.1.0 | 17.00 | 73.00 | 90.00 | NOTE | |
r-patched-linux-x86_64 | 0.1.0 | 9.34 | 30.04 | 39.38 | NOTE | |
r-release-linux-x86_64 | 0.1.0 | 11.32 | 30.55 | 41.87 | NOTE | |
r-release-macos-arm64 | 0.1.0 | 25.00 | NOTE | |||
r-release-macos-x86_64 | 0.1.0 | 40.00 | NOTE | |||
r-release-windows-x86_64 | 0.1.0 | 19.00 | 67.00 | 86.00 | NOTE | |
r-oldrel-macos-arm64 | 0.1.0 | 27.00 | OK | |||
r-oldrel-macos-x86_64 | 0.1.0 | 44.00 | OK | |||
r-oldrel-windows-x86_64 | 0.1.0 | 19.00 | 75.00 | 94.00 | OK |
Version: 0.1.0
Check: Rd files
Result: NOTE
checkRd: (-1) image_line_segment_detector.Rd:65: Lost braces in \itemize; \value handles \item{}{} directly
checkRd: (-1) image_line_segment_detector.Rd:66-72: Lost braces in \itemize; \value handles \item{}{} directly
checkRd: (-1) image_line_segment_detector.Rd:73-76: Lost braces in \itemize; \value handles \item{}{} directly
Flavors: r-devel-linux-x86_64-debian-clang, r-devel-linux-x86_64-debian-gcc, r-devel-linux-x86_64-fedora-clang, r-devel-linux-x86_64-fedora-gcc, r-devel-macos-arm64, r-devel-macos-x86_64, r-devel-windows-x86_64, r-patched-linux-x86_64, r-release-linux-x86_64, r-release-macos-arm64, r-release-macos-x86_64, r-release-windows-x86_64
These binaries (installable software) and packages are in development.
They may not be fully stable and should be used with caution. We make no claims about them.