CRAN Package Check Results for Package image.Otsu

Last updated on 2025-10-03 13:49:37 CEST.

Flavor Version Tinstall Tcheck Ttotal Status Flags
r-devel-linux-x86_64-debian-clang 0.1 9.53 25.25 34.78 NOTE
r-devel-linux-x86_64-debian-gcc 0.1 6.20 20.34 26.54 NOTE
r-devel-linux-x86_64-fedora-clang 0.1 55.93 NOTE
r-devel-linux-x86_64-fedora-gcc 0.1 52.26 NOTE
r-devel-windows-x86_64 0.1 12.00 65.00 77.00 NOTE
r-patched-linux-x86_64 0.1 8.32 24.09 32.41 NOTE
r-release-linux-x86_64 0.1 9.29 23.97 33.26 NOTE
r-release-macos-arm64 0.1 21.00 NOTE
r-release-macos-x86_64 0.1 37.00 NOTE
r-release-windows-x86_64 0.1 12.00 64.00 76.00 NOTE
r-oldrel-macos-arm64 0.1 20.00 NOTE
r-oldrel-macos-x86_64 0.1 31.00 NOTE
r-oldrel-windows-x86_64 0.1 13.00 72.00 85.00 NOTE

Check Details

Version: 0.1
Check: CRAN incoming feasibility
Result: NOTE Maintainer: ‘Jan Wijffels <jwijffels@bnosac.be>’ Found the following URLs which should use \doi (with the DOI name only): File ‘image_otsu.Rd’: https://doi.org/10.5201/ipol.2016.158 Flavors: r-devel-linux-x86_64-debian-clang, r-devel-linux-x86_64-debian-gcc

Version: 0.1
Check: C++ specification
Result: NOTE Specified C++11: please drop specification unless essential Flavors: r-devel-linux-x86_64-debian-clang, r-devel-linux-x86_64-debian-gcc, r-devel-linux-x86_64-fedora-clang, r-devel-linux-x86_64-fedora-gcc, r-devel-windows-x86_64, r-patched-linux-x86_64, r-release-linux-x86_64, r-release-macos-arm64, r-release-macos-x86_64, r-release-windows-x86_64, r-oldrel-macos-arm64, r-oldrel-macos-x86_64, r-oldrel-windows-x86_64

These binaries (installable software) and packages are in development.
They may not be fully stable and should be used with caution. We make no claims about them.