CRAN Package Check Results for Package imagefluency

Last updated on 2025-05-01 15:49:34 CEST.

Flavor Version Tinstall Tcheck Ttotal Status Flags
r-devel-linux-x86_64-debian-clang 0.2.5 1.73 40.01 41.74 OK
r-devel-linux-x86_64-debian-gcc 0.2.5 2.04 29.94 31.98 OK
r-devel-linux-x86_64-fedora-clang 0.2.5 58.96 ERROR
r-devel-linux-x86_64-fedora-gcc 0.2.5 79.33 ERROR
r-devel-windows-x86_64 0.2.5 5.00 251.00 256.00 OK
r-patched-linux-x86_64 0.2.5 2.40 36.38 38.78 OK
r-release-linux-x86_64 OK
r-release-macos-arm64 0.2.5 39.00 OK
r-release-macos-x86_64 0.2.5 67.00 OK
r-release-windows-x86_64 0.2.5 5.00 254.00 259.00 OK
r-oldrel-macos-arm64 0.2.5 30.00 OK
r-oldrel-macos-x86_64 0.2.5 46.00 OK
r-oldrel-windows-x86_64 0.2.5 5.00 296.00 301.00 OK

Check Details

Version: 0.2.5
Check: tests
Result: ERROR Running ‘testthat.R’ [3s/15s] Running the tests in ‘tests/testthat.R’ failed. Complete output: > library(testthat) > library(imagefluency) > > test_check("imagefluency") free(): double free detected in tcache 2 Flavor: r-devel-linux-x86_64-fedora-clang

Version: 0.2.5
Check: tests
Result: ERROR Running ‘testthat.R’ [11s/27s] Running the tests in ‘tests/testthat.R’ failed. Complete output: > library(testthat) > library(imagefluency) > > test_check("imagefluency") [ FAIL 1 | WARN 0 | SKIP 0 | PASS 108 ] ══ Failed tests ════════════════════════════════════════════════════════════════ ── Failure ('test_complexity.R:37:3'): img_complexity normalizes input image if necessary ── img_complexity(array(100:500, dim = c(50, 50, 3))) not equal to 0.1111398. 1/1 mismatches [1] 0.0981 - 0.111 == -0.0131 [ FAIL 1 | WARN 0 | SKIP 0 | PASS 108 ] Error: Test failures Execution halted Flavor: r-devel-linux-x86_64-fedora-gcc

These binaries (installable software) and packages are in development.
They may not be fully stable and should be used with caution. We make no claims about them.