Last updated on 2025-07-25 19:49:45 CEST.
Flavor | Version | Tinstall | Tcheck | Ttotal | Status | Flags |
---|---|---|---|---|---|---|
r-devel-linux-x86_64-debian-clang | 1.0.3 | 470.28 | 169.49 | 639.77 | OK | |
r-devel-linux-x86_64-debian-gcc | 1.0.3 | 453.74 | 124.86 | 578.60 | OK | |
r-devel-linux-x86_64-fedora-clang | 1.0.3 | 1097.16 | OK | |||
r-devel-linux-x86_64-fedora-gcc | 1.0.3 | 1490.31 | OK | |||
r-devel-windows-x86_64 | 1.0.3 | 615.00 | 256.00 | 871.00 | OK | |
r-patched-linux-x86_64 | 1.0.3 | 649.00 | 164.82 | 813.82 | OK | |
r-release-linux-x86_64 | 1.0.3 | 669.25 | 166.63 | 835.88 | OK | |
r-release-macos-arm64 | 1.0.3 | 221.00 | OK | |||
r-release-macos-x86_64 | 1.0.3 | 423.00 | OK | |||
r-release-windows-x86_64 | 1.0.3 | 606.00 | 266.00 | 872.00 | OK | |
r-oldrel-macos-arm64 | 1.0.3 | 185.00 | NOTE | |||
r-oldrel-macos-x86_64 | 1.0.3 | 313.00 | NOTE | |||
r-oldrel-windows-x86_64 | 1.0.3 | 742.00 | 343.00 | 1085.00 | NOTE |
Version: 1.0.3
Check: installed package size
Result: NOTE
installed size is 34.1Mb
sub-directories of 1Mb or more:
data 1.4Mb
doc 3.7Mb
extdata 1.0Mb
include 3.3Mb
libs 24.0Mb
Flavors: r-oldrel-macos-arm64, r-oldrel-macos-x86_64, r-oldrel-windows-x86_64
These binaries (installable software) and packages are in development.
They may not be fully stable and should be used with caution. We make no claims about them.