Last updated on 2024-07-27 15:50:21 CEST.
Flavor | Version | Tinstall | Tcheck | Ttotal | Status | Flags |
---|---|---|---|---|---|---|
r-devel-linux-x86_64-debian-clang | 1.3.2 | 83.80 | 92.23 | 176.03 | OK | |
r-devel-linux-x86_64-debian-gcc | 1.3.2 | OK | ||||
r-devel-linux-x86_64-fedora-clang | 1.3.2 | 298.51 | NOTE | |||
r-devel-linux-x86_64-fedora-gcc | 1.3.2 | 246.71 | OK | |||
r-devel-windows-x86_64 | 1.3.2 | 64.00 | 119.00 | 183.00 | OK | |
r-patched-linux-x86_64 | 1.3.2 | OK | ||||
r-release-linux-x86_64 | 1.3.2 | 64.60 | 91.99 | 156.59 | OK | |
r-release-macos-arm64 | 1.3.2 | 68.00 | OK | |||
r-release-macos-x86_64 | 1.3.2 | 81.00 | OK | |||
r-release-windows-x86_64 | 1.3.2 | 85.00 | 111.00 | 196.00 | OK | |
r-oldrel-macos-arm64 | 1.3.2 | 74.00 | OK | |||
r-oldrel-macos-x86_64 | 1.3.2 | 128.00 | OK | |||
r-oldrel-windows-x86_64 | 1.3.2 | 73.00 | 131.00 | 204.00 | OK |
Version: 1.3.2
Check: package dependencies
Result: NOTE
Package suggested but not available for checking: ‘tesseract’
Flavor: r-devel-linux-x86_64-fedora-clang
These binaries (installable software) and packages are in development.
They may not be fully stable and should be used with caution. We make no claims about them.