Last updated on 2025-11-13 21:49:59 CET.
| Flavor | Version | Tinstall | Tcheck | Ttotal | Status | Flags |
|---|---|---|---|---|---|---|
| r-devel-linux-x86_64-debian-clang | 0.5.0 | 9.88 | 100.29 | 110.17 | NOTE | |
| r-devel-linux-x86_64-debian-gcc | 0.5.0 | 7.34 | 71.07 | 78.41 | NOTE | |
| r-devel-linux-x86_64-fedora-clang | 0.5.0 | 53.00 | 119.09 | 172.09 | NOTE | |
| r-devel-linux-x86_64-fedora-gcc | 0.5.0 | 21.00 | 140.44 | 161.44 | NOTE | |
| r-devel-windows-x86_64 | 0.5.0 | 13.00 | 101.00 | 114.00 | NOTE | |
| r-patched-linux-x86_64 | 0.5.0 | 10.15 | 91.73 | 101.88 | NOTE | |
| r-release-linux-x86_64 | 0.5.0 | 9.89 | 92.46 | 102.35 | NOTE | |
| r-release-macos-arm64 | 0.5.0 | 5.00 | 60.00 | 65.00 | NOTE | |
| r-release-macos-x86_64 | 0.5.0 | 9.00 | 91.00 | 100.00 | NOTE | |
| r-release-windows-x86_64 | 0.5.0 | 12.00 | 101.00 | 113.00 | NOTE | |
| r-oldrel-macos-arm64 | 0.5.0 | 5.00 | 45.00 | 50.00 | NOTE | |
| r-oldrel-macos-x86_64 | 0.5.0 | 7.00 | 72.00 | 79.00 | NOTE | |
| r-oldrel-windows-x86_64 | 0.5.0 | 15.00 | 126.00 | 141.00 | NOTE |
Version: 0.5.0
Check: CRAN incoming feasibility
Result: NOTE
Maintainer: ‘Juergen Niedballa <niedballa@izw-berlin.de>’
The Description field contains
<arXiv:1505.04597> and the U-Net++ architecture by Zhou et al. (2018)
<arXiv:1807.10165>. We provide pre-trained models for assessing canopy
Please refer to arXiv e-prints via their arXiv DOI <doi:10.48550/arXiv.YYMM.NNNNN>.
Flavors: r-devel-linux-x86_64-debian-clang, r-devel-linux-x86_64-debian-gcc
Version: 0.5.0
Check: Rd files
Result: NOTE
checkRd: (-1) imagesToKerasInput.Rd:23: Lost braces
23 | \item{grayscale}{logical. Defines color channels of images: 1 if code{TRUE}, 3 if \code{FALSE}.}
| ^
Flavors: r-devel-linux-x86_64-debian-clang, r-devel-linux-x86_64-debian-gcc, r-devel-linux-x86_64-fedora-clang, r-devel-linux-x86_64-fedora-gcc, r-devel-windows-x86_64, r-patched-linux-x86_64, r-release-linux-x86_64, r-release-macos-arm64, r-release-macos-x86_64, r-release-windows-x86_64, r-oldrel-macos-arm64, r-oldrel-macos-x86_64, r-oldrel-windows-x86_64
These binaries (installable software) and packages are in development.
They may not be fully stable and should be used with caution. We make no claims about them.