Last updated on 2025-02-16 08:50:49 CET.
Flavor | Version | Tinstall | Tcheck | Ttotal | Status | Flags |
---|---|---|---|---|---|---|
r-devel-linux-x86_64-debian-clang | 0.5.0 | 10.98 | 97.23 | 108.21 | NOTE | |
r-devel-linux-x86_64-debian-gcc | 0.5.0 | 7.34 | 70.23 | 77.57 | NOTE | |
r-devel-linux-x86_64-fedora-clang | 0.5.0 | 178.08 | NOTE | |||
r-devel-linux-x86_64-fedora-gcc | 0.5.0 | 169.42 | NOTE | |||
r-devel-macos-arm64 | 0.5.0 | 51.00 | NOTE | |||
r-devel-macos-x86_64 | 0.5.0 | 113.00 | NOTE | |||
r-devel-windows-x86_64 | 0.5.0 | 12.00 | 105.00 | 117.00 | NOTE | |
r-patched-linux-x86_64 | 0.5.0 | 9.35 | 87.79 | 97.14 | NOTE | |
r-release-linux-x86_64 | 0.5.0 | 9.44 | 88.03 | 97.47 | NOTE | |
r-release-macos-arm64 | 0.5.0 | 50.00 | NOTE | |||
r-release-macos-x86_64 | 0.5.0 | 79.00 | NOTE | |||
r-release-windows-x86_64 | 0.5.0 | 12.00 | 107.00 | 119.00 | NOTE | |
r-oldrel-macos-arm64 | 0.5.0 | 59.00 | OK | |||
r-oldrel-macos-x86_64 | 0.5.0 | 92.00 | OK | |||
r-oldrel-windows-x86_64 | 0.5.0 | 16.00 | 143.00 | 159.00 | OK |
Version: 0.5.0
Check: Rd files
Result: NOTE
checkRd: (-1) imagesToKerasInput.Rd:23: Lost braces
23 | \item{grayscale}{logical. Defines color channels of images: 1 if code{TRUE}, 3 if \code{FALSE}.}
| ^
Flavors: r-devel-linux-x86_64-debian-clang, r-devel-linux-x86_64-debian-gcc, r-devel-linux-x86_64-fedora-clang, r-devel-linux-x86_64-fedora-gcc, r-devel-macos-arm64, r-devel-macos-x86_64, r-devel-windows-x86_64, r-patched-linux-x86_64, r-release-linux-x86_64, r-release-macos-arm64, r-release-macos-x86_64, r-release-windows-x86_64
These binaries (installable software) and packages are in development.
They may not be fully stable and should be used with caution. We make no claims about them.