CRAN Package Check Results for Package imageviewer

Last updated on 2025-07-25 13:50:22 CEST.

Flavor Version Tinstall Tcheck Ttotal Status Flags
r-devel-linux-x86_64-debian-clang 0.1.0 2.39 24.30 26.69 OK
r-devel-linux-x86_64-debian-gcc 0.1.0 1.73 20.06 21.79 OK
r-devel-linux-x86_64-fedora-clang 0.1.0 38.72 OK
r-devel-linux-x86_64-fedora-gcc 0.1.0 36.14 OK
r-devel-windows-x86_64 0.1.0 7.00 49.00 56.00 OK
r-patched-linux-x86_64 0.1.0 2.32 22.18 24.50 OK
r-release-linux-x86_64 0.1.0 2.26 22.18 24.44 OK
r-release-macos-arm64 0.1.0 20.00 OK
r-release-macos-x86_64 0.1.0 26.00 OK
r-release-windows-x86_64 0.1.0 7.00 47.00 54.00 OK
r-oldrel-macos-arm64 0.1.0 17.00 NOTE
r-oldrel-macos-x86_64 0.1.0 24.00 NOTE
r-oldrel-windows-x86_64 0.1.0 7.00 50.00 57.00 NOTE

Check Details

Version: 0.1.0
Check: LazyData
Result: NOTE 'LazyData' is specified without a 'data' directory Flavors: r-oldrel-macos-arm64, r-oldrel-macos-x86_64, r-oldrel-windows-x86_64

These binaries (installable software) and packages are in development.
They may not be fully stable and should be used with caution. We make no claims about them.