CRAN Package Check Results for Package imguR

Last updated on 2025-02-16 08:50:50 CET.

Flavor Version Tinstall Tcheck Ttotal Status Flags
r-devel-linux-x86_64-debian-clang 1.0.3 2.54 24.95 27.49 NOTE
r-devel-linux-x86_64-debian-gcc 1.0.3 1.98 19.13 21.11 NOTE
r-devel-linux-x86_64-fedora-clang 1.0.3 47.13 OK
r-devel-linux-x86_64-fedora-gcc 1.0.3 42.57 OK
r-devel-macos-arm64 1.0.3 20.00 OK
r-devel-macos-x86_64 1.0.3 32.00 OK
r-devel-windows-x86_64 1.0.3 4.00 56.00 60.00 NOTE
r-patched-linux-x86_64 1.0.3 6.51 23.86 30.37 OK
r-release-linux-x86_64 1.0.3 2.65 24.04 26.69 OK
r-release-macos-arm64 1.0.3 19.00 OK
r-release-macos-x86_64 1.0.3 35.00 OK
r-release-windows-x86_64 1.0.3 5.00 62.00 67.00 OK
r-oldrel-macos-arm64 1.0.3 20.00 OK
r-oldrel-macos-x86_64 1.0.3 23.00 OK
r-oldrel-windows-x86_64 1.0.3 5.00 92.00 97.00 OK

Check Details

Version: 1.0.3
Check: Rd cross-references
Result: NOTE Found the following Rd file(s) with Rd \link{} targets missing package anchors: imgur_login.Rd: oauth2.0_token Please provide package anchors for all Rd \link{} targets not in the package itself and the base packages. Flavors: r-devel-linux-x86_64-debian-clang, r-devel-linux-x86_64-debian-gcc, r-devel-windows-x86_64

These binaries (installable software) and packages are in development.
They may not be fully stable and should be used with caution. We make no claims about them.