Last updated on 2025-05-01 14:49:12 CEST.
Flavor | Version | Tinstall | Tcheck | Ttotal | Status | Flags |
---|---|---|---|---|---|---|
r-devel-linux-x86_64-debian-clang | 0.11.4 | 14.27 | 246.67 | 260.94 | NOTE | |
r-devel-linux-x86_64-debian-gcc | 0.11.4 | 11.52 | 153.22 | 164.74 | OK | |
r-devel-linux-x86_64-fedora-clang | 0.11.4 | 342.79 | OK | |||
r-devel-linux-x86_64-fedora-gcc | 0.11.4 | 325.17 | OK | |||
r-devel-windows-x86_64 | 0.11.4 | 17.00 | 195.00 | 212.00 | OK | |
r-patched-linux-x86_64 | 0.11.4 | 17.31 | 194.51 | 211.82 | OK | |
r-release-linux-x86_64 | OK | |||||
r-release-macos-arm64 | 0.11.4 | 130.00 | OK | |||
r-release-macos-x86_64 | 0.11.4 | 187.00 | OK | |||
r-release-windows-x86_64 | 0.11.4 | 18.00 | 200.00 | 218.00 | OK | |
r-oldrel-macos-arm64 | 0.11.4 | 108.00 | OK | |||
r-oldrel-macos-x86_64 | 0.11.4 | 172.00 | OK | |||
r-oldrel-windows-x86_64 | 0.11.4 | 20.00 | 228.00 | 248.00 | OK |
Version: 0.11.4
Check: examples
Result: NOTE
Examples with CPU (user + system) or elapsed time > 5s
user system elapsed
FeatureEffect 9.187 0.321 7.854
plot.FeatureEffects 8.858 0.079 9.498
FeatureImp 7.182 0.317 4.865
Shapley 4.429 0.124 5.264
Flavor: r-devel-linux-x86_64-debian-clang
Version: 0.11.4
Check: examples
Result: NA
user system elapsed
plot.FeatureEffects 5.385 0.140 6.332
FeatureEffect 5.146 0.151 6.041
OK
Flavor: r-devel-linux-x86_64-debian-gcc
These binaries (installable software) and packages are in development.
They may not be fully stable and should be used with caution. We make no claims about them.