Last updated on 2025-10-23 11:50:16 CEST.
Flavor | Version | Tinstall | Tcheck | Ttotal | Status | Flags |
---|---|---|---|---|---|---|
r-devel-linux-x86_64-debian-clang | 1.0.3 | 37.74 | 288.34 | 326.08 | OK | |
r-devel-linux-x86_64-debian-gcc | 1.0.3 | 22.60 | 201.44 | 224.04 | OK | |
r-devel-linux-x86_64-fedora-clang | 1.0.3 | 168.00 | 354.88 | 522.88 | OK | |
r-devel-linux-x86_64-fedora-gcc | 1.0.3 | 186.00 | 326.37 | 512.37 | OK | |
r-devel-windows-x86_64 | 1.0.3 | 33.00 | 235.00 | 268.00 | OK | |
r-patched-linux-x86_64 | 1.0.3 | 33.48 | 268.48 | 301.96 | OK | |
r-release-linux-x86_64 | 1.0.3 | 34.54 | 267.85 | 302.39 | OK | |
r-release-macos-arm64 | 1.0.3 | 5.00 | ERROR | |||
r-release-macos-x86_64 | 1.0.3 | 40.00 | 179.00 | 219.00 | OK | |
r-release-windows-x86_64 | 1.0.3 | 32.00 | 235.00 | 267.00 | OK | |
r-oldrel-macos-arm64 | 1.0.3 | 17.00 | 113.00 | 130.00 | OK | |
r-oldrel-macos-x86_64 | 1.0.3 | 23.00 | 159.00 | 182.00 | OK | |
r-oldrel-windows-x86_64 | 1.0.3 | 35.00 | 318.00 | 353.00 | OK |
Version: 1.0.3
Check: package dependencies
Result: ERROR
Package required but not available: ‘org.Hs.eg.db’
See section ‘The DESCRIPTION file’ in the ‘Writing R Extensions’
manual.
Flavor: r-release-macos-arm64
These binaries (installable software) and packages are in development.
They may not be fully stable and should be used with caution. We make no claims about them.