Last updated on 2025-05-01 12:49:31 CEST.
Flavor | Version | Tinstall | Tcheck | Ttotal | Status | Flags |
---|---|---|---|---|---|---|
r-devel-linux-x86_64-debian-clang | 1.0.3 | 34.63 | 275.75 | 310.38 | OK | |
r-devel-linux-x86_64-debian-gcc | 1.0.3 | 21.85 | 201.99 | 223.84 | OK | |
r-devel-linux-x86_64-fedora-clang | 1.0.3 | 510.06 | OK | |||
r-devel-linux-x86_64-fedora-gcc | 1.0.3 | 497.53 | OK | |||
r-devel-windows-x86_64 | 1.0.3 | 31.00 | 240.00 | 271.00 | OK | |
r-patched-linux-x86_64 | 1.0.3 | 32.29 | 259.50 | 291.79 | OK | |
r-release-linux-x86_64 | OK | |||||
r-release-macos-arm64 | 1.0.3 | 5.00 | ERROR | |||
r-release-macos-x86_64 | 1.0.3 | 219.00 | OK | |||
r-release-windows-x86_64 | 1.0.3 | 33.00 | 245.00 | 278.00 | OK | |
r-oldrel-macos-arm64 | 1.0.3 | 130.00 | OK | |||
r-oldrel-macos-x86_64 | 1.0.3 | 182.00 | OK | |||
r-oldrel-windows-x86_64 | 1.0.3 | 33.00 | 304.00 | 337.00 | OK |
Version: 1.0.3
Check: package dependencies
Result: ERROR
Package required but not available: ‘org.Hs.eg.db’
See section ‘The DESCRIPTION file’ in the ‘Writing R Extensions’
manual.
Flavor: r-release-macos-arm64
These binaries (installable software) and packages are in development.
They may not be fully stable and should be used with caution. We make no claims about them.