CRAN Package Check Results for Package immer

Last updated on 2025-07-02 03:50:43 CEST.

Flavor Version Tinstall Tcheck Ttotal Status Flags
r-devel-linux-x86_64-debian-clang 1.5-13 73.86 66.39 140.25 NOTE
r-devel-linux-x86_64-debian-gcc 1.5-13 48.44 46.32 94.76 NOTE
r-devel-linux-x86_64-fedora-clang 1.5-13 243.17 OK
r-devel-linux-x86_64-fedora-gcc 1.5-13 220.51 OK
r-devel-windows-x86_64 1.5-13 78.00 105.00 183.00 OK
r-patched-linux-x86_64 OK
r-release-linux-x86_64 1.5-13 70.43 60.98 131.41 OK
r-release-macos-arm64 1.5-13 62.00 OK
r-release-macos-x86_64 1.5-13 89.00 OK
r-release-windows-x86_64 1.5-13 83.00 101.00 184.00 OK
r-oldrel-macos-arm64 1.5-13 57.00 OK
r-oldrel-macos-x86_64 1.5-13 69.00 OK
r-oldrel-windows-x86_64 1.5-13 92.00 123.00 215.00 OK

Check Details

Version: 1.5-13
Check: CRAN incoming feasibility
Result: NOTE Maintainer: ‘Alexander Robitzsch <robitzsch@ipn.uni-kiel.de>’ No Authors@R field in DESCRIPTION. Please add one, modifying Authors@R: c(person(given = "Alexander", family = "Robitzsch", role = c("aut", "cre"), email = "robitzsch@ipn.uni-kiel.de"), person(given = "Jan", family = "Steinfeld", role = "aut")) as necessary. Flavors: r-devel-linux-x86_64-debian-clang, r-devel-linux-x86_64-debian-gcc

These binaries (installable software) and packages are in development.
They may not be fully stable and should be used with caution. We make no claims about them.